CRAN Package Check Results for Package ceramic

Last updated on 2020-02-25 16:48:04 CET.

Flavor Version Tinstall Tcheck Ttotal Status Flags
r-devel-linux-x86_64-debian-clang 0.6.0 11.87 91.23 103.10 OK
r-devel-linux-x86_64-debian-gcc 0.6.0 10.83 67.84 78.67 OK
r-devel-linux-x86_64-fedora-clang 0.6.0 129.20 WARN
r-devel-linux-x86_64-fedora-gcc 0.6.0 130.27 WARN
r-devel-windows-ix86+x86_64 0.6.0 26.00 95.00 121.00 OK
r-devel-windows-ix86+x86_64-gcc8 0.6.0 26.00 101.00 127.00 OK
r-patched-linux-x86_64 0.6.0 10.23 75.32 85.55 OK
r-patched-solaris-x86 0.6.0 161.10 OK
r-release-linux-x86_64 0.6.0 9.89 75.31 85.20 OK
r-release-windows-ix86+x86_64 0.6.0 19.00 83.00 102.00 OK
r-release-osx-x86_64 0.6.0 OK
r-oldrel-windows-ix86+x86_64 0.6.0 13.00 90.00 103.00 OK
r-oldrel-osx-x86_64 0.6.0 OK

Check Details

Version: 0.6.0
Check: whether package can be installed
Result: WARN
    Found the following significant warnings:
     Warning: namespace ‘rgdal’ is not available and has been replaced
Flavors: r-devel-linux-x86_64-fedora-clang, r-devel-linux-x86_64-fedora-gcc