CRAN Package Check Results for Package catmaply

Last updated on 2021-04-22 11:50:09 CEST.

Flavor Version Tinstall Tcheck Ttotal Status Flags
r-devel-linux-x86_64-debian-clang 0.9.0 6.70 127.29 133.99 OK
r-devel-linux-x86_64-debian-gcc 0.9.0 4.74 86.41 91.15 OK
r-devel-linux-x86_64-fedora-clang 0.9.0 188.79 NOTE
r-devel-linux-x86_64-fedora-gcc 0.9.0 180.70 NOTE
r-devel-windows-ix86+x86_64 0.9.0 11.00 142.00 153.00 NOTE
r-devel-windows-x86_64-gcc10-UCRT 0.9.0 NOTE
r-patched-linux-x86_64 0.9.0 5.62 124.33 129.95 OK
r-patched-solaris-x86 0.9.0 87.30 WARN
r-release-linux-x86_64 0.9.0 5.81 108.31 114.12 OK
r-release-macos-x86_64 0.9.0 WARN
r-release-windows-ix86+x86_64 0.9.0 11.00 146.00 157.00 NOTE
r-oldrel-macos-x86_64 0.9.0 WARN
r-oldrel-windows-ix86+x86_64 0.9.0 9.00 145.00 154.00 NOTE

Check Details

Version: 0.9.0
Check: installed package size
Result: NOTE
     installed size is 37.5Mb
     sub-directories of 1Mb or more:
     doc 37.2Mb
Flavors: r-devel-linux-x86_64-fedora-clang, r-devel-windows-ix86+x86_64, r-patched-solaris-x86, r-release-macos-x86_64, r-release-windows-ix86+x86_64, r-oldrel-macos-x86_64, r-oldrel-windows-ix86+x86_64

Version: 0.9.0
Check: dependencies in R code
Result: NOTE
    Namespaces in Imports field not imported from:
     ‘lubridate’ ‘tidyverse’
     All declared Imports should be used.
Flavors: r-devel-linux-x86_64-fedora-clang, r-devel-linux-x86_64-fedora-gcc, r-devel-windows-x86_64-gcc10-UCRT, r-patched-solaris-x86, r-release-macos-x86_64, r-oldrel-macos-x86_64

Version: 0.9.0
Check: re-building of vignette outputs
Result: WARN
    Error(s) in re-building vignettes:
     ...
    --- re-building ‘catmaply.Rmd’ using rmarkdown
    Warning in engine$weave(file, quiet = quiet, encoding = enc) :
     Pandoc (>= 1.12.3) not available. Falling back to R Markdown v1.
    Quitting from lines 111-117 (catmaply.Rmd)
    Error: processing vignette 'catmaply.Rmd' failed with diagnostics:
    subscript out of bounds
    --- failed re-building ‘catmaply.Rmd’
    
    SUMMARY: processing the following file failed:
     ‘catmaply.Rmd’
    
    Error: Vignette re-building failed.
    Execution halted
Flavor: r-patched-solaris-x86

Version: 0.9.0
Check: re-building of vignette outputs
Result: WARN
    Error(s) in re-building vignettes:
     ...
    --- re-building ‘catmaply.Rmd’ using rmarkdown
    Warning in engine$weave(file, quiet = quiet, encoding = enc) :
     Pandoc (>= 1.12.3) and/or pandoc-citeproc not available. Falling back to R Markdown v1.
    Warning: `arrange_()` is deprecated as of dplyr 0.7.0.
    Please use `arrange()` instead.
    See vignette('programming') for more help
    This warning is displayed once every 8 hours.
    Call `lifecycle::last_warnings()` to see where this warning was generated.
    Warning in normalizePath(f2) :
     path[1]="webshot1004c322efca9.png": No such file or directory
    Warning in file(con, "rb") :
     cannot open file 'webshot1004c322efca9.png': No such file or directory
    Quitting from lines 111-117 (catmaply.Rmd)
    Error: processing vignette 'catmaply.Rmd' failed with diagnostics:
    cannot open the connection
    --- failed re-building ‘catmaply.Rmd’
    
    SUMMARY: processing the following file failed:
     ‘catmaply.Rmd’
    
    Error: Vignette re-building failed.
    Execution halted
Flavor: r-release-macos-x86_64

Version: 0.9.0
Check: re-building of vignette outputs
Result: WARN
    Error(s) in re-building vignettes:
     ...
    --- re-building ‘catmaply.Rmd’ using rmarkdown
    Warning in engine$weave(file, quiet = quiet, encoding = enc) :
     Pandoc (>= 1.12.3) and/or pandoc-citeproc not available. Falling back to R Markdown v1.
    Warning: `arrange_()` is deprecated as of dplyr 0.7.0.
    Please use `arrange()` instead.
    See vignette('programming') for more help
    This warning is displayed once every 8 hours.
    Call `lifecycle::last_warnings()` to see where this warning was generated.
    Warning in normalizePath(f2) :
     path[1]="webshotceb57963f348.png": No such file or directory
    Warning in file(con, "rb") :
     cannot open file 'webshotceb57963f348.png': No such file or directory
    Quitting from lines 111-117 (catmaply.Rmd)
    Error: processing vignette 'catmaply.Rmd' failed with diagnostics:
    cannot open the connection
    --- failed re-building ‘catmaply.Rmd’
    
    SUMMARY: processing the following file failed:
     ‘catmaply.Rmd’
    
    Error: Vignette re-building failed.
    Execution halted
Flavor: r-oldrel-macos-x86_64