CRAN Package Check Results for Package casabourse

Last updated on 2024-04-18 11:50:56 CEST.

Flavor Version Tinstall Tcheck Ttotal Status Flags
r-devel-linux-x86_64-debian-clang 2.0.0 2.50 31.41 33.91 OK
r-devel-linux-x86_64-debian-gcc 2.0.0 1.89 24.19 26.08 OK
r-devel-linux-x86_64-fedora-clang 2.0.0 44.52 NOTE
r-devel-linux-x86_64-fedora-gcc 2.0.0 57.14 NOTE
r-prerel-macos-arm64 2.0.0 102.00 OK
r-prerel-windows-x86_64 2.0.0 3.00 106.00 109.00 OK
r-patched-linux-x86_64 2.0.0 2.31 30.04 32.35 OK
r-release-linux-x86_64 2.0.0 2.47 29.40 31.87 OK
r-release-macos-arm64 2.0.0 75.00 OK
r-release-macos-x86_64 2.0.0 88.00 OK
r-release-windows-x86_64 2.0.0 4.00 101.00 105.00 OK
r-oldrel-macos-arm64 2.0.0 76.00 NOTE
r-oldrel-windows-x86_64 2.0.0 4.00 103.00 107.00 OK

Check Details

Version: 2.0.0
Check: dependencies in R code
Result: NOTE Namespace in Imports field not imported from: ‘R.utils’ All declared Imports should be used. Flavors: r-devel-linux-x86_64-fedora-clang, r-devel-linux-x86_64-fedora-gcc, r-oldrel-macos-arm64