CRAN Package Check Results for Package car

Last updated on 2024-04-19 01:04:26 CEST.

Flavor Version Tinstall Tcheck Ttotal Status Flags
r-devel-linux-x86_64-debian-clang 3.1-2 26.24 184.32 210.56 NOTE
r-devel-linux-x86_64-debian-gcc 3.1-2 19.52 128.29 147.81 NOTE
r-devel-linux-x86_64-fedora-clang 3.1-2 261.33 NOTE
r-devel-linux-x86_64-fedora-gcc 3.1-2 249.46 NOTE
r-prerel-macos-arm64 3.1-2 69.00 NOTE
r-prerel-windows-x86_64 3.1-2 20.00 175.00 195.00 NOTE
r-patched-linux-x86_64 3.1-2 31.58 173.74 205.32 NOTE
r-release-linux-x86_64 3.1-2 20.35 175.33 195.68 OK
r-release-macos-arm64 3.1-2 74.00 OK
r-release-macos-x86_64 3.1-2 117.00 NOTE
r-release-windows-x86_64 3.1-2 26.00 205.00 231.00 OK
r-oldrel-macos-arm64 3.1-2 69.00 OK
r-oldrel-windows-x86_64 3.1-2 29.00 198.00 227.00 OK

Check Details

Version: 3.1-2
Check: Rd files
Result: NOTE checkRd: (-1) compareCoefs.Rd:30: Lost braces 30 | \item{pvals}{If code{TRUE} (the default is \code{FALSE}), print two-sided p-values | ^ checkRd: (-1) mcPlots.Rd:38: Lost braces; missing escapes or markup? 38 | axis. To plot against a factor, you need to specify the full name of one of the indicator variables that define the factor. For example, for a factor called \code{type} with levels \code{A}, \code{B} and {C}, using the usual drop-first level parameterization of the factor, the regressors for \code{type} would be \code{typeB} or \code{typeC}. Similarly, to plot against the regressor \code{log(X4)}, you must specify \code{"log((X4)"}, not \code{"X4"}. | ^ checkRd: (-1) scatterplot.Rd:137: Lost braces 137 | For \code{style="filled"} several subarguments modify the appearance of the region: code{alpha} is a number between 0 and 1 that specifies opacity with defualt 0.15, \code{border}, \code{TRUE} or \code{FALSE} specifies a border for the envelope, and \code{vertical} either \code{TRUE} or \code{FALSE}, modifies the behavior of the envelope at the edges of the graph. | ^ Flavors: r-devel-linux-x86_64-debian-clang, r-devel-linux-x86_64-debian-gcc, r-devel-linux-x86_64-fedora-clang, r-devel-linux-x86_64-fedora-gcc, r-prerel-macos-arm64, r-prerel-windows-x86_64, r-patched-linux-x86_64

Version: 3.1-2
Check: Rd cross-references
Result: NOTE Undeclared package ‘plotrix’ in Rd xrefs Flavor: r-devel-linux-x86_64-fedora-clang

Version: 3.1-2
Check: package dependencies
Result: NOTE Package suggested but not available for checking: ‘alr4’ Flavor: r-release-macos-x86_64