CRAN Package Check Results for Package bvartools

Last updated on 2021-04-18 17:47:32 CEST.

Flavor Version Tinstall Tcheck Ttotal Status Flags
r-devel-linux-x86_64-debian-clang 0.1.0 257.93 186.78 444.71 OK
r-devel-linux-x86_64-debian-gcc 0.1.0 174.23 143.19 317.42 OK
r-devel-linux-x86_64-fedora-clang 0.1.0 592.74 NOTE
r-devel-linux-x86_64-fedora-gcc 0.1.0 557.17 OK
r-devel-windows-ix86+x86_64 0.1.0 559.00 248.00 807.00 OK
r-devel-windows-x86_64-gcc10-UCRT 0.1.0 OK
r-patched-linux-x86_64 0.1.0 205.47 178.35 383.82 OK
r-patched-solaris-x86 0.1.0 525.20 OK
r-release-linux-x86_64 0.1.0 203.32 178.59 381.91 OK
r-release-macos-x86_64 0.1.0 NOTE
r-release-windows-ix86+x86_64 0.1.0 465.00 258.00 723.00 OK
r-oldrel-macos-x86_64 0.1.0 NOTE
r-oldrel-windows-ix86+x86_64 0.1.0 370.00 224.00 594.00 OK

Check Details

Version: 0.1.0
Check: installed package size
Result: NOTE
     installed size is 13.4Mb
     sub-directories of 1Mb or more:
     libs 12.5Mb
Flavors: r-devel-linux-x86_64-fedora-clang, r-release-macos-x86_64, r-oldrel-macos-x86_64