CRAN Package Check Results for Package butcher

Last updated on 2020-02-25 16:48:04 CET.

Flavor Version Tinstall Tcheck Ttotal Status Flags
r-devel-linux-x86_64-debian-clang 0.1.2 5.55 91.64 97.19 OK
r-devel-linux-x86_64-debian-gcc 0.1.2 4.05 70.63 74.68 OK
r-devel-linux-x86_64-fedora-clang 0.1.2 112.44 NOTE
r-devel-linux-x86_64-fedora-gcc 0.1.2 112.14 NOTE
r-devel-windows-ix86+x86_64 0.1.2 12.00 102.00 114.00 OK
r-devel-windows-ix86+x86_64-gcc8 0.1.2 11.00 100.00 111.00 OK
r-patched-linux-x86_64 0.1.2 5.13 80.13 85.26 OK
r-patched-solaris-x86 0.1.2 212.20 NOTE
r-release-linux-x86_64 0.1.2 3.85 80.38 84.23 OK
r-release-windows-ix86+x86_64 0.1.2 9.00 104.00 113.00 OK
r-release-osx-x86_64 0.1.2 NOTE
r-oldrel-windows-ix86+x86_64 0.1.2 7.00 91.00 98.00 OK
r-oldrel-osx-x86_64 0.1.2 NOTE

Check Details

Version: 0.1.2
Check: dependencies in R code
Result: NOTE
    Namespace in Imports field not imported from: ‘modeldata’
     All declared Imports should be used.
Flavors: r-devel-linux-x86_64-fedora-clang, r-devel-linux-x86_64-fedora-gcc, r-patched-solaris-x86, r-release-osx-x86_64, r-oldrel-osx-x86_64