CRAN Package Check Results for Package bsam

Last updated on 2020-09-27 17:49:18 CEST.

Flavor Version Tinstall Tcheck Ttotal Status Flags
r-devel-linux-x86_64-debian-clang 1.1.3 11.33 92.94 104.27 OK
r-devel-linux-x86_64-debian-gcc 1.1.3 9.74 68.57 78.31 OK
r-devel-linux-x86_64-fedora-clang 1.1.3 133.10 NOTE
r-devel-linux-x86_64-fedora-gcc 1.1.3 121.86 NOTE
r-devel-windows-ix86+x86_64 1.1.3 29.00 112.00 141.00 OK
r-patched-linux-x86_64 1.1.3 12.67 84.67 97.34 OK
r-patched-solaris-x86 1.1.3 186.70 NOTE
r-release-linux-x86_64 1.1.3 11.98 85.44 97.42 OK
r-release-macos-x86_64 1.1.3 NOTE
r-release-windows-ix86+x86_64 1.1.3 38.00 117.00 155.00 OK
r-oldrel-macos-x86_64 1.1.3 NOTE
r-oldrel-windows-ix86+x86_64 1.1.3 23.00 140.00 163.00 OK

Check Details

Version: 1.1.3
Check: dependencies in R code
Result: NOTE
    Namespaces in Imports field not imported from:
     ‘rworldxtra’ ‘sp’
     All declared Imports should be used.
Flavors: r-devel-linux-x86_64-fedora-clang, r-devel-linux-x86_64-fedora-gcc, r-patched-solaris-x86, r-release-macos-x86_64, r-oldrel-macos-x86_64