CRAN Package Check Results for Package bsam

Last updated on 2021-04-19 00:46:38 CEST.

Flavor Version Tinstall Tcheck Ttotal Status Flags
r-devel-linux-x86_64-debian-clang 1.1.3 12.82 99.64 112.46 OK
r-devel-linux-x86_64-debian-gcc 1.1.3 10.34 76.43 86.77 OK
r-devel-linux-x86_64-fedora-clang 1.1.3 141.00 NOTE
r-devel-linux-x86_64-fedora-gcc 1.1.3 127.92 NOTE
r-devel-windows-ix86+x86_64 1.1.3 22.00 89.00 111.00 OK
r-devel-windows-x86_64-gcc10-UCRT 1.1.3 NOTE
r-patched-linux-x86_64 1.1.3 11.68 89.75 101.43 OK
r-patched-solaris-x86 1.1.3 200.90 NOTE
r-release-linux-x86_64 1.1.3 12.21 92.19 104.40 OK
r-release-macos-x86_64 1.1.3 NOTE
r-release-windows-ix86+x86_64 1.1.3 27.00 120.00 147.00 OK
r-oldrel-macos-x86_64 1.1.3 NOTE
r-oldrel-windows-ix86+x86_64 1.1.3 18.00 110.00 128.00 OK

Check Details

Version: 1.1.3
Check: dependencies in R code
Result: NOTE
    Namespaces in Imports field not imported from:
     ‘rworldxtra’ ‘sp’
     All declared Imports should be used.
Flavors: r-devel-linux-x86_64-fedora-clang, r-devel-linux-x86_64-fedora-gcc, r-devel-windows-x86_64-gcc10-UCRT, r-patched-solaris-x86, r-release-macos-x86_64, r-oldrel-macos-x86_64