CRAN Package Check Results for Package brainGraph

Last updated on 2021-05-10 17:46:51 CEST.

Flavor Version Tinstall Tcheck Ttotal Status Flags
r-devel-linux-x86_64-debian-clang 3.0.0 28.50 137.48 165.98 OK
r-devel-linux-x86_64-debian-gcc 3.0.0 23.47 101.16 124.63 OK
r-devel-linux-x86_64-fedora-clang 3.0.0 217.35 OK
r-devel-linux-x86_64-fedora-gcc 3.0.0 192.82 OK
r-devel-windows-ix86+x86_64 3.0.0 37.00 157.00 194.00 OK
r-devel-windows-x86_64-gcc10-UCRT 3.0.0 OK
r-patched-linux-x86_64 3.0.0 31.08 130.18 161.26 OK
r-patched-solaris-x86 3.0.0 265.80 OK
r-release-linux-x86_64 3.0.0 24.96 122.44 147.40 OK
r-release-macos-x86_64 3.0.0 OK
r-release-windows-ix86+x86_64 3.0.0 33.00 117.00 150.00 OK
r-oldrel-macos-x86_64 3.0.0 NOTE
r-oldrel-windows-ix86+x86_64 3.0.0 46.00 145.00 191.00 OK

Check Details

Version: 3.0.0
Check: dependencies in R code
Result: NOTE
    No protocol specified
    
    (R:50062): Gtk-WARNING **: gtk_disable_setlocale() must be called before gtk_init()
    No protocol specified
Flavor: r-oldrel-macos-x86_64