CRAN Package Check Results for Package bnlearn

Last updated on 2021-05-16 05:47:44 CEST.

Flavor Version Tinstall Tcheck Ttotal Status Flags
r-devel-linux-x86_64-debian-clang 4.6.1 56.42 104.45 160.87 OK
r-devel-linux-x86_64-debian-gcc 4.6.1 33.76 77.17 110.93 OK
r-devel-linux-x86_64-fedora-clang 4.6.1 188.23 OK
r-devel-linux-x86_64-fedora-gcc 4.6.1 176.41 OK
r-devel-windows-ix86+x86_64 4.6.1 142.00 104.00 246.00 OK
r-devel-windows-x86_64-gcc10-UCRT 4.6.1 NOTE
r-patched-linux-x86_64 4.6.1 46.69 99.86 146.55 OK
r-patched-solaris-x86 4.6.1 212.90 OK
r-release-linux-x86_64 4.6.1 44.32 93.49 137.81 OK
r-release-macos-x86_64 4.6.1 OK
r-release-windows-ix86+x86_64 4.6.1 120.00 145.00 265.00 OK
r-oldrel-macos-x86_64 4.6.1 OK
r-oldrel-windows-ix86+x86_64 4.6.1 109.00 145.00 254.00 OK

Check Details

Version: 4.6.1
Check: package dependencies
Result: NOTE
    Packages suggested but not available for checking: 'Rgraphviz', 'gRain'
Flavor: r-devel-windows-x86_64-gcc10-UCRT