CRAN Package Check Results for Package blockcluster

Last updated on 2020-01-25 04:46:45 CET.

Flavor Version Tinstall Tcheck Ttotal Status Flags
r-devel-linux-x86_64-debian-clang 4.4.3 453.11 60.49 513.60 OK
r-devel-linux-x86_64-debian-gcc 4.4.3 360.73 47.72 408.45 OK
r-devel-linux-x86_64-fedora-clang 4.4.3 755.27 NOTE
r-devel-linux-x86_64-fedora-gcc 4.4.3 767.46 OK
r-devel-windows-ix86+x86_64 4.4.3 1096.00 149.00 1245.00 NOTE
r-devel-windows-ix86+x86_64-gcc8 4.4.3 1076.00 137.00 1213.00 NOTE
r-patched-linux-x86_64 4.4.3 420.10 55.85 475.95 OK
r-patched-solaris-x86 4.4.3 535.50 ERROR
r-release-linux-x86_64 4.4.3 415.62 55.38 471.00 OK
r-release-windows-ix86+x86_64 4.4.3 1052.00 150.00 1202.00 NOTE
r-release-osx-x86_64 4.4.3 NOTE
r-oldrel-windows-ix86+x86_64 4.4.3 680.00 112.00 792.00 NOTE
r-oldrel-osx-x86_64 4.4.3 NOTE

Additional issues

clang-UBSAN gcc-UBSAN valgrind

Check Details

Version: 4.4.3
Check: installed package size
Result: NOTE
     installed size is 57.2Mb
     sub-directories of 1Mb or more:
     libs 55.9Mb
Flavors: r-devel-linux-x86_64-fedora-clang, r-devel-windows-ix86+x86_64, r-devel-windows-ix86+x86_64-gcc8, r-release-windows-ix86+x86_64, r-release-osx-x86_64, r-oldrel-windows-ix86+x86_64, r-oldrel-osx-x86_64

Version: 4.4.3
Check: examples
Result: ERROR
    Running examples in ‘blockcluster-Ex.R’ failed
    The error most likely occurred in:
    
    > ### Name: coclusterBinary
    > ### Title: Co-Clustering function for Binary data.
    > ### Aliases: coclusterBinary
    >
    > ### ** Examples
    >
    >
    > ## Simple example with simulated binary data
    > ## load data
    > data(binarydata)
    > ## usage of coclusterBinary function in its most simplest form
    > out<-coclusterBinary(binarydata,nbcocluster=c(2,3))
    
     *** caught segfault ***
    address 28db, cause 'memory not mapped'
    
    Traceback:
     1: coclusterBinary(binarydata, nbcocluster = c(2, 3))
    An irrecoverable exception occurred. R is aborting now ...
    
     *** caught segfault ***
    address 178, cause 'memory not mapped'
Flavor: r-patched-solaris-x86

Version: 4.4.3
Check: re-building of vignette outputs
Result: WARN
    Error(s) in re-building vignettes:
     ...
    --- re-building ‘blockcluster_tutorial.Rnw’ using Sweave
    Loading required package: rtkore
    Loading required package: Rcpp
    
    Attaching package: ‘rtkore’
    
    The following object is masked from ‘package:Rcpp’:
    
     LdFlags
    
    blockcluster version 4.4.3 loaded
    
    ----------------
    Copyright (C) <MODAL team @INRIA,Lille & U.M.R. C.N.R.S. 6599 Heudiasyc, UTC>
    Please post questions and bugs at: <https://gforge.inria.fr/forum/forum.php?forum_id=11190&group_id=3679>
    
    
     *** caught segfault ***
    address 10, cause 'memory not mapped'
Flavor: r-patched-solaris-x86