CRAN Package Check Results for Package bivquant

Last updated on 2021-05-08 00:46:58 CEST.

Flavor Version Tinstall Tcheck Ttotal Status Flags
r-devel-linux-x86_64-debian-clang 0.1 8.02 81.72 89.74 NOTE
r-devel-linux-x86_64-debian-gcc 0.1 6.78 62.30 69.08 NOTE
r-devel-linux-x86_64-fedora-clang 0.1 120.38 NOTE
r-devel-linux-x86_64-fedora-gcc 0.1 108.04 NOTE
r-devel-windows-ix86+x86_64 0.1 14.00 100.00 114.00 NOTE
r-devel-windows-x86_64-gcc10-UCRT 0.1 NOTE
r-patched-linux-x86_64 0.1 11.18 79.27 90.45 NOTE
r-patched-solaris-x86 0.1 167.60 NOTE
r-release-linux-x86_64 0.1 8.57 75.38 83.95 OK
r-release-macos-x86_64 0.1 NOTE
r-release-windows-ix86+x86_64 0.1 15.00 77.00 92.00 OK
r-oldrel-macos-x86_64 0.1 NOTE

Check Details

Version: 0.1
Check: LazyData
Result: NOTE
     'LazyData' is specified without a 'data' directory
Flavors: r-devel-linux-x86_64-debian-clang, r-devel-linux-x86_64-debian-gcc, r-devel-linux-x86_64-fedora-clang, r-devel-linux-x86_64-fedora-gcc, r-devel-windows-ix86+x86_64, r-devel-windows-x86_64-gcc10-UCRT, r-patched-linux-x86_64

Version: 0.1
Check: dependencies in R code
Result: NOTE
    Namespace in Imports field not imported from: ‘MASS’
     All declared Imports should be used.
Flavors: r-devel-linux-x86_64-fedora-clang, r-devel-linux-x86_64-fedora-gcc, r-devel-windows-x86_64-gcc10-UCRT, r-patched-solaris-x86, r-release-macos-x86_64, r-oldrel-macos-x86_64