CRAN Package Check Results for Package bivgeom

Last updated on 2021-05-08 05:57:00 CEST.

Flavor Version Tinstall Tcheck Ttotal Status Flags
r-devel-linux-x86_64-debian-clang 1.0 8.55 93.93 102.48 OK
r-devel-linux-x86_64-debian-gcc 1.0 7.94 72.34 80.28 OK
r-devel-linux-x86_64-fedora-clang 1.0 137.96 OK
r-devel-linux-x86_64-fedora-gcc 1.0 127.52 OK
r-devel-windows-ix86+x86_64 1.0 16.00 119.00 135.00 OK
r-devel-windows-x86_64-gcc10-UCRT 1.0 OK
r-patched-linux-x86_64 1.0 10.08 92.99 103.07 OK
r-patched-solaris-x86 1.0 191.20 OK
r-release-linux-x86_64 1.0 9.77 87.93 97.70 OK
r-release-macos-x86_64 1.0 OK
r-release-windows-ix86+x86_64 1.0 19.00 85.00 104.00 OK
r-oldrel-macos-x86_64 1.0 OK
r-oldrel-windows-ix86+x86_64 1.0 19.00 11.00 30.00 ERROR

Check Details

Version: 1.0
Check: whether package can be installed
Result: ERROR
    Installation failed.
Flavor: r-oldrel-windows-ix86+x86_64