CRAN Package Check Results for Package biotools

Last updated on 2019-11-18 10:48:09 CET.

Flavor Version Tinstall Tcheck Ttotal Status Flags
r-devel-linux-x86_64-debian-clang 3.1 14.66 108.26 122.92 OK
r-devel-linux-x86_64-debian-gcc 3.1 11.54 86.96 98.50 OK
r-devel-linux-x86_64-fedora-clang 3.1 148.93 OK
r-devel-linux-x86_64-fedora-gcc 3.1 149.11 OK
r-devel-windows-ix86+x86_64 3.1 49.00 205.00 254.00 OK
r-patched-linux-x86_64 3.1 11.65 103.72 115.37 OK
r-patched-solaris-x86 3.1 249.50 OK
r-release-linux-x86_64 3.1 14.24 104.00 118.24 OK
r-release-windows-ix86+x86_64 3.1 33.00 222.00 255.00 OK
r-release-osx-x86_64 3.1 ERROR
r-oldrel-windows-ix86+x86_64 3.1 18.00 181.00 199.00 OK
r-oldrel-osx-x86_64 3.1 ERROR

Check Details

Version: 3.1
Check: package dependencies
Result: ERROR
    Package required but not available: ‘rpanel’
    
    Package suggested but not available for checking: ‘soilphysics’
    
    See section ‘The DESCRIPTION file’ in the ‘Writing R Extensions’
    manual.
Flavors: r-release-osx-x86_64, r-oldrel-osx-x86_64