CRAN Package Check Results for Package biotools

Last updated on 2019-07-16 05:48:05 CEST.

Flavor Version Tinstall Tcheck Ttotal Status Flags
r-devel-linux-x86_64-debian-clang 3.1 13.40 103.11 116.51 OK
r-devel-linux-x86_64-debian-gcc 3.1 11.19 82.36 93.55 OK
r-devel-linux-x86_64-fedora-clang 3.1 142.81 OK
r-devel-linux-x86_64-fedora-gcc 3.1 140.63 OK
r-devel-windows-ix86+x86_64 3.1 49.00 215.00 264.00 OK
r-patched-linux-x86_64 3.1 12.31 102.90 115.21 OK
r-patched-solaris-x86 3.1 255.60 OK
r-release-linux-x86_64 3.1 13.60 102.18 115.78 OK
r-release-windows-ix86+x86_64 3.1 31.00 199.00 230.00 OK
r-release-osx-x86_64 3.1 ERROR
r-oldrel-windows-ix86+x86_64 3.1 25.00 200.00 225.00 OK
r-oldrel-osx-x86_64 3.1 ERROR

Check Details

Version: 3.1
Check: package dependencies
Result: ERROR
    Package required but not available: ‘rpanel’
    
    Package suggested but not available for checking: ‘soilphysics’
    
    See section ‘The DESCRIPTION file’ in the ‘Writing R Extensions’
    manual.
Flavors: r-release-osx-x86_64, r-oldrel-osx-x86_64