CRAN Package Check Results for Package biostat3

Last updated on 2021-04-23 00:48:41 CEST.

Flavor Version Tinstall Tcheck Ttotal Status Flags
r-devel-linux-x86_64-debian-clang 0.1.5 12.13 91.82 103.95 OK
r-devel-linux-x86_64-debian-gcc 0.1.5 9.70 69.21 78.91 OK
r-devel-linux-x86_64-fedora-clang 0.1.5 131.79 NOTE
r-devel-linux-x86_64-fedora-gcc 0.1.5 120.75 OK
r-devel-windows-ix86+x86_64 0.1.5 26.00 117.00 143.00 NOTE
r-devel-windows-x86_64-gcc10-UCRT 0.1.5 OK
r-patched-linux-x86_64 0.1.5 16.36 84.34 100.70 OK
r-patched-solaris-x86 0.1.5 180.30 NOTE
r-release-linux-x86_64 0.1.5 10.76 84.75 95.51 OK
r-release-macos-x86_64 0.1.5 NOTE
r-release-windows-ix86+x86_64 0.1.5 25.00 111.00 136.00 NOTE
r-oldrel-macos-x86_64 0.1.5 NOTE
r-oldrel-windows-ix86+x86_64 0.1.5 23.00 107.00 130.00 NOTE

Check Details

Version: 0.1.5
Check: installed package size
Result: NOTE
     installed size is 6.2Mb
     sub-directories of 1Mb or more:
     doc 5.6Mb
Flavors: r-devel-linux-x86_64-fedora-clang, r-devel-windows-ix86+x86_64, r-patched-solaris-x86, r-release-macos-x86_64, r-release-windows-ix86+x86_64, r-oldrel-macos-x86_64, r-oldrel-windows-ix86+x86_64