CRAN Package Check Results for Package bioOED

Last updated on 2019-07-16 05:48:05 CEST.

Flavor Version Tinstall Tcheck Ttotal Status Flags
r-devel-linux-x86_64-debian-clang 0.1.4 5.32 68.65 73.97 NOTE
r-devel-linux-x86_64-debian-gcc 0.1.4 3.98 53.01 56.99 NOTE
r-devel-linux-x86_64-fedora-clang 0.1.4 93.80 NOTE
r-devel-linux-x86_64-fedora-gcc 0.1.4 90.01 NOTE
r-devel-windows-ix86+x86_64 0.1.4 19.00 120.00 139.00 OK
r-patched-linux-x86_64 0.1.4 5.15 66.99 72.14 OK
r-patched-solaris-x86 0.1.4 118.80 OK
r-release-linux-x86_64 0.1.4 4.87 66.29 71.16 OK
r-release-windows-ix86+x86_64 0.1.4 14.00 120.00 134.00 OK
r-release-osx-x86_64 0.1.4 ERROR
r-oldrel-windows-ix86+x86_64 0.1.4 10.00 140.00 150.00 OK
r-oldrel-osx-x86_64 0.1.4 OK

Check Details

Version: 0.1.4
Check: for non-standard things in the check directory
Result: NOTE
    Found the following files/directories:
     'eSSR_report.RData'
Flavors: r-devel-linux-x86_64-debian-clang, r-devel-linux-x86_64-debian-gcc, r-devel-linux-x86_64-fedora-clang, r-devel-linux-x86_64-fedora-gcc

Version: 0.1.4
Check: package dependencies
Result: ERROR
    Package required but not available: ‘MEIGOR’
    
    See section ‘The DESCRIPTION file’ in the ‘Writing R Extensions’
    manual.
Flavor: r-release-osx-x86_64