CRAN Package Check Results for Package bio.infer

Last updated on 2021-04-20 05:47:26 CEST.

Flavor Version Tinstall Tcheck Ttotal Status Flags
r-devel-linux-x86_64-debian-clang 1.3-6 5.82 52.14 57.96 OK
r-devel-linux-x86_64-debian-gcc 1.3-6 4.16 40.91 45.07 OK
r-devel-linux-x86_64-fedora-clang 1.3-6 82.27 OK
r-devel-linux-x86_64-fedora-gcc 1.3-6 71.97 OK
r-devel-windows-ix86+x86_64 1.3-6 10.00 68.00 78.00 OK
r-devel-windows-x86_64-gcc10-UCRT 1.3-6 OK
r-patched-linux-x86_64 1.3-6 6.15 50.15 56.30 OK
r-patched-solaris-x86 1.3-6 105.40 OK
r-release-linux-x86_64 1.3-6 5.08 50.33 55.41 OK
r-release-macos-x86_64 1.3-6 OK
r-release-windows-ix86+x86_64 1.3-6 6.00 68.00 74.00 OK
r-oldrel-macos-x86_64 1.3-6 WARN
r-oldrel-windows-ix86+x86_64 1.3-6 5.00 47.00 52.00 NOTE

Check Details

Version: 1.3-6
Check: dependencies in R code
Result: NOTE
    No protocol specified
    No protocol specified
Flavor: r-oldrel-macos-x86_64

Version: 1.3-6
Check: S3 generic/method consistency
Result: WARN
    No protocol specified
    No protocol specified
    See section ‘Generic functions and methods’ in the ‘Writing R
    Extensions’ manual.
Flavor: r-oldrel-macos-x86_64

Version: 1.3-6
Check: replacement functions
Result: WARN
    No protocol specified
    No protocol specified
    The argument of a replacement function which corresponds to the right
    hand side must be named ‘value’.
Flavor: r-oldrel-macos-x86_64

Version: 1.3-6
Check: foreign function calls
Result: NOTE
    No protocol specified
    No protocol specified
    See chapter ‘System and foreign language interfaces’ in the ‘Writing R
    Extensions’ manual.
Flavor: r-oldrel-macos-x86_64

Version: 1.3-6
Check: R code for possible problems
Result: NOTE
    No protocol specified
    No protocol specified
    mlsolve: no visible global function definition for ‘plot’
    view.te: no visible global function definition for ‘plot’
    Undefined global functions or variables:
     plot
    Consider adding
     importFrom("graphics", "plot")
    to your NAMESPACE file.
Flavor: r-oldrel-macos-x86_64

Version: 1.3-6
Check: for missing documentation entries
Result: WARN
    No protocol specified
    No protocol specified
    All user-level objects in a package should have documentation entries.
    See chapter ‘Writing R documentation files’ in the ‘Writing R
    Extensions’ manual.
Flavor: r-oldrel-macos-x86_64

Version: 1.3-6
Check: for code/documentation mismatches
Result: WARN
    No protocol specified
    No protocol specified
    No protocol specified
    No protocol specified
    No protocol specified
    No protocol specified
Flavor: r-oldrel-macos-x86_64

Version: 1.3-6
Check: Rd \usage sections
Result: NOTE
    No protocol specified
    No protocol specified
    The \usage entries for S3 methods should use the \method markup and not
    their full name.
    See chapter ‘Writing R documentation files’ in the ‘Writing R
    Extensions’ manual.
Flavor: r-oldrel-macos-x86_64

Version: 1.3-6
Check: R code for possible problems
Result: NOTE
    mlsolve: no visible global function definition for 'plot'
    view.te: no visible global function definition for 'plot'
    Undefined global functions or variables:
     plot
    Consider adding
     importFrom("graphics", "plot")
    to your NAMESPACE file.
Flavor: r-oldrel-windows-ix86+x86_64