CRAN Package Check Results for Package binomialMix

Last updated on 2021-05-16 17:46:41 CEST.

Flavor Version Tinstall Tcheck Ttotal Status Flags
r-devel-linux-x86_64-debian-clang 1.0.1 4.71 179.49 184.20 OK
r-devel-linux-x86_64-debian-gcc 1.0.1 3.63 146.43 150.06 OK
r-devel-linux-x86_64-fedora-clang 1.0.1 222.11 NOTE
r-devel-linux-x86_64-fedora-gcc 1.0.1 218.61 NOTE
r-devel-windows-ix86+x86_64 1.0.1 12.00 228.00 240.00 OK
r-devel-windows-x86_64-gcc10-UCRT 1.0.1 NOTE
r-patched-linux-x86_64 1.0.1 5.17 176.39 181.56 OK
r-patched-solaris-x86 1.0.1 397.10 NOTE
r-release-linux-x86_64 1.0.1 4.58 174.49 179.07 OK
r-release-macos-x86_64 1.0.1 NOTE
r-release-windows-ix86+x86_64 1.0.1 9.00 206.00 215.00 OK
r-oldrel-macos-x86_64 1.0.1 NOTE
r-oldrel-windows-ix86+x86_64 1.0.1 7.00 239.00 246.00 OK

Check Details

Version: 1.0.1
Check: dependencies in R code
Result: NOTE
    Namespace in Imports field not imported from: ‘lubridate’
     All declared Imports should be used.
Flavors: r-devel-linux-x86_64-fedora-clang, r-devel-linux-x86_64-fedora-gcc, r-devel-windows-x86_64-gcc10-UCRT, r-patched-solaris-x86, r-release-macos-x86_64, r-oldrel-macos-x86_64