CRAN Package Check Results for Package bigstatsr

Last updated on 2020-08-06 17:49:12 CEST.

Flavor Version Tinstall Tcheck Ttotal Status Flags
r-devel-linux-x86_64-debian-clang 1.2.3 224.88 263.08 487.96 OK
r-devel-linux-x86_64-debian-gcc 1.2.3 173.34 205.13 378.47 OK
r-devel-linux-x86_64-fedora-clang 1.2.3 658.42 NOTE
r-devel-linux-x86_64-fedora-gcc 1.2.3 634.30 OK
r-devel-windows-ix86+x86_64 1.2.3 673.00 576.00 1249.00 NOTE
r-patched-linux-x86_64 1.2.3 179.21 258.43 437.64 OK
r-patched-solaris-x86 1.2.3 673.70 OK
r-release-linux-x86_64 1.2.3 179.17 262.52 441.69 OK
r-release-macos-x86_64 1.2.3 NOTE
r-release-windows-ix86+x86_64 1.2.3 663.00 612.00 1275.00 NOTE
r-oldrel-macos-x86_64 1.2.3 NOTE
r-oldrel-windows-ix86+x86_64 1.2.3 433.00 419.00 852.00 NOTE

Check Details

Version: 1.2.3
Check: installed package size
Result: NOTE
     installed size is 15.2Mb
     sub-directories of 1Mb or more:
     extdata 2.3Mb
     libs 12.3Mb
Flavors: r-devel-linux-x86_64-fedora-clang, r-devel-windows-ix86+x86_64, r-release-macos-x86_64, r-release-windows-ix86+x86_64, r-oldrel-macos-x86_64, r-oldrel-windows-ix86+x86_64