CRAN Package Check Results for Package bib2df

Last updated on 2018-09-20 17:49:58 CEST.

Flavor Version Tinstall Tcheck Ttotal Status Flags
r-devel-linux-x86_64-debian-clang 1.0.1 2.55 40.30 42.85 OK
r-devel-linux-x86_64-debian-gcc 1.0.1 2.23 31.59 33.82 OK
r-devel-linux-x86_64-fedora-clang 1.0.1 51.87 OK
r-devel-linux-x86_64-fedora-gcc 1.0.1 47.33 OK
r-devel-windows-ix86+x86_64 1.0.1 7.00 70.00 77.00 OK
r-patched-linux-x86_64 1.0.1 2.23 34.84 37.07 OK
r-patched-solaris-x86 1.0.1 72.70 OK
r-release-linux-x86_64 1.0.1 1.93 34.79 36.72 OK
r-release-windows-ix86+x86_64 1.0.1 7.00 73.00 80.00 OK
r-release-osx-x86_64 1.0.1 ERROR
r-oldrel-windows-ix86+x86_64 1.0.1 5.00 81.00 86.00 OK
r-oldrel-osx-x86_64 1.0.1 ERROR

Check Details

Version: 1.0.1
Check: tests
Result: ERROR
     Running ‘testthat.R’ [2s/11s]
    Running the tests in ‘tests/testthat.R’ failed.
    Last 13 lines of output:
     > library("testthat")
     > library("bib2df")
     > test_check("bib2df")
     ── 1. Failure: bib2df() throws error messages (@tests.R#70) ───────────────────
     `bib2df("https://www.example.com/data/x.bib")` threw an error with unexpected message.
     Expected match: "Invalid URL: File is not readable."
     Actual message: "Timeout was reached: Connection timed out after 10006 milliseconds"
    
     ══ testthat results ═══════════════════════════════════════════════════════════
     OK: 19 SKIPPED: 0 FAILED: 1
     1. Failure: bib2df() throws error messages (@tests.R#70)
    
     Error: testthat unit tests failed
     Execution halted
Flavor: r-release-osx-x86_64

Version: 1.0.1
Check: tests
Result: ERROR
     Running ‘testthat.R’ [2s/12s]
    Running the tests in ‘tests/testthat.R’ failed.
    Last 13 lines of output:
     > library("testthat")
     > library("bib2df")
     > test_check("bib2df")
     ── 1. Failure: bib2df() throws error messages (@tests.R#70) ───────────────────
     `bib2df("https://www.example.com/data/x.bib")` threw an error with unexpected message.
     Expected match: "Invalid URL: File is not readable."
     Actual message: "Timeout was reached: Connection timed out after 10009 milliseconds"
    
     ══ testthat results ═══════════════════════════════════════════════════════════
     OK: 19 SKIPPED: 0 FAILED: 1
     1. Failure: bib2df() throws error messages (@tests.R#70)
    
     Error: testthat unit tests failed
     Execution halted
Flavor: r-oldrel-osx-x86_64