CRAN Package Check Results for Package bib2df

Last updated on 2018-12-16 15:46:50 CET.

Flavor Version Tinstall Tcheck Ttotal Status Flags
r-devel-linux-x86_64-debian-clang 1.0.1 2.57 37.70 40.27 OK
r-devel-linux-x86_64-debian-gcc 1.0.1 2.04 29.67 31.71 OK
r-devel-linux-x86_64-fedora-clang 1.0.1 45.97 OK
r-devel-linux-x86_64-fedora-gcc 1.0.1 43.98 OK
r-devel-windows-ix86+x86_64 1.0.1 7.00 69.00 76.00 OK
r-patched-linux-x86_64 1.0.1 2.34 35.33 37.67 OK
r-patched-solaris-x86 1.0.1 73.50 OK
r-release-linux-x86_64 1.0.1 2.26 35.25 37.51 OK
r-release-windows-ix86+x86_64 1.0.1 9.00 79.00 88.00 OK
r-release-osx-x86_64 1.0.1 ERROR
r-oldrel-windows-ix86+x86_64 1.0.1 8.00 81.00 89.00 OK
r-oldrel-osx-x86_64 1.0.1 ERROR

Check Details

Version: 1.0.1
Check: tests
Result: ERROR
     Running ‘testthat.R’ [2s/11s]
    Running the tests in ‘tests/testthat.R’ failed.
    Last 13 lines of output:
     > library("testthat")
     > library("bib2df")
     > test_check("bib2df")
     ── 1. Failure: bib2df() throws error messages (@tests.R#70) ───────────────────
     `bib2df("https://www.example.com/data/x.bib")` threw an error with unexpected message.
     Expected match: "Invalid URL: File is not readable."
     Actual message: "Timeout was reached: Connection timed out after 10005 milliseconds"
    
     ══ testthat results ═══════════════════════════════════════════════════════════
     OK: 19 SKIPPED: 0 FAILED: 1
     1. Failure: bib2df() throws error messages (@tests.R#70)
    
     Error: testthat unit tests failed
     Execution halted
Flavor: r-release-osx-x86_64

Version: 1.0.1
Check: tests
Result: ERROR
     Running ‘testthat.R’ [2s/12s]
    Running the tests in ‘tests/testthat.R’ failed.
    Last 13 lines of output:
     > library("testthat")
     > library("bib2df")
     > test_check("bib2df")
     ── 1. Failure: bib2df() throws error messages (@tests.R#70) ───────────────────
     `bib2df("https://www.example.com/data/x.bib")` threw an error with unexpected message.
     Expected match: "Invalid URL: File is not readable."
     Actual message: "Timeout was reached: Connection timed out after 10000 milliseconds"
    
     ══ testthat results ═══════════════════════════════════════════════════════════
     OK: 19 SKIPPED: 0 FAILED: 1
     1. Failure: bib2df() throws error messages (@tests.R#70)
    
     Error: testthat unit tests failed
     Execution halted
Flavor: r-oldrel-osx-x86_64