CRAN Package Check Results for Package bib2df

Last updated on 2018-01-17 09:53:17 CET.

Flavor Version Tinstall Tcheck Ttotal Status Flags
r-devel-linux-x86_64-debian-clang 1.0.0 1.57 40.18 41.75 ERROR
r-devel-linux-x86_64-debian-gcc 1.0.0 1.05 30.78 31.83 ERROR
r-devel-linux-x86_64-fedora-clang 1.0.0 45.49 ERROR
r-devel-linux-x86_64-fedora-gcc 1.0.0 47.31 ERROR
r-devel-windows-ix86+x86_64 1.0.0 8.00 55.00 63.00 ERROR
r-patched-linux-x86_64 1.0.0 1.60 38.12 39.72 ERROR
r-patched-solaris-x86 1.0.0 73.40 ERROR
r-release-linux-x86_64 1.0.0 1.65 37.99 39.64 ERROR
r-release-windows-ix86+x86_64 1.0.0 4.00 52.00 56.00 ERROR
r-release-osx-x86_64 1.0.0 OK
r-oldrel-windows-ix86+x86_64 1.0.0 7.00 47.00 54.00 ERROR
r-oldrel-osx-x86_64 1.0.0 OK

Check Details

Version: 1.0.0
Check: tests
Result: ERROR
     Running ‘testthat.R’ [3s/5s]
    Running the tests in ‘tests/testthat.R’ failed.
    Complete output:
     > library("testthat")
     > library("bib2df")
     > test_check("bib2df")
     ── 1. Failure: bib2df() throws error messages (@tests.R#53) ───────────────────
     `bib2df("https://www.ottlngr.de/data/x.bib")` did not throw an error.
    
     ══ testthat results ═══════════════════════════════════════════════════════════
     OK: 15 SKIPPED: 0 FAILED: 1
     1. Failure: bib2df() throws error messages (@tests.R#53)
    
     Error: testthat unit tests failed
     Execution halted
Flavors: r-devel-linux-x86_64-debian-clang, r-patched-linux-x86_64

Version: 1.0.0
Check: tests
Result: ERROR
     Running ‘testthat.R’ [2s/5s]
    Running the tests in ‘tests/testthat.R’ failed.
    Complete output:
     > library("testthat")
     > library("bib2df")
     > test_check("bib2df")
     ── 1. Failure: bib2df() throws error messages (@tests.R#53) ───────────────────
     `bib2df("https://www.ottlngr.de/data/x.bib")` did not throw an error.
    
     ══ testthat results ═══════════════════════════════════════════════════════════
     OK: 15 SKIPPED: 0 FAILED: 1
     1. Failure: bib2df() throws error messages (@tests.R#53)
    
     Error: testthat unit tests failed
     Execution halted
Flavor: r-devel-linux-x86_64-debian-gcc

Version: 1.0.0
Check: tests
Result: ERROR
     Running ‘testthat.R’
    Running the tests in ‘tests/testthat.R’ failed.
    Complete output:
     > library("testthat")
     > library("bib2df")
     > test_check("bib2df")
     ── 1. Failure: bib2df() throws error messages (@tests.R#53) ───────────────────
     `bib2df("https://www.ottlngr.de/data/x.bib")` did not throw an error.
    
     ══ testthat results ═══════════════════════════════════════════════════════════
     OK: 15 SKIPPED: 0 FAILED: 1
     1. Failure: bib2df() throws error messages (@tests.R#53)
    
     Error: testthat unit tests failed
     Execution halted
Flavors: r-devel-linux-x86_64-fedora-clang, r-devel-linux-x86_64-fedora-gcc

Version: 1.0.0
Check: tests
Result: ERROR
     Running 'testthat.R' [3s]
    Running the tests in 'tests/testthat.R' failed.
    Last 13 lines of output:
     > library("testthat")
     > library("bib2df")
     > test_check("bib2df")
     -- 1. Failure: bib2df() throws error messages (@tests.R#53) -------------------
     `bib2df("https://www.ottlngr.de/data/x.bib")` threw an error with unexpected message.
     Expected match: "Invalid URL: File is not readable."
     Actual message: "cannot open the connection"
    
     == testthat results ===========================================================
     OK: 16 SKIPPED: 0 FAILED: 1
     1. Failure: bib2df() throws error messages (@tests.R#53)
    
     Error: testthat unit tests failed
     Execution halted
Flavors: r-devel-windows-ix86+x86_64, r-release-windows-ix86+x86_64

Version: 1.0.0
Check: tests
Result: ERROR
     Running ‘testthat.R’ [4s/38s]
    Running the tests in ‘tests/testthat.R’ failed.
    Complete output:
     > library("testthat")
     > library("bib2df")
     > test_check("bib2df")
     ── 1. Failure: bib2df() throws error messages (@tests.R#53) ───────────────────
     `bib2df("https://www.ottlngr.de/data/x.bib")` did not throw an error.
    
     ══ testthat results ═══════════════════════════════════════════════════════════
     OK: 15 SKIPPED: 0 FAILED: 1
     1. Failure: bib2df() throws error messages (@tests.R#53)
    
     Error: testthat unit tests failed
     Execution halted
Flavor: r-patched-solaris-x86

Version: 1.0.0
Check: tests
Result: ERROR
     Running ‘testthat.R’ [3s/6s]
    Running the tests in ‘tests/testthat.R’ failed.
    Complete output:
     > library("testthat")
     > library("bib2df")
     > test_check("bib2df")
     ── 1. Failure: bib2df() throws error messages (@tests.R#53) ───────────────────
     `bib2df("https://www.ottlngr.de/data/x.bib")` did not throw an error.
    
     ══ testthat results ═══════════════════════════════════════════════════════════
     OK: 15 SKIPPED: 0 FAILED: 1
     1. Failure: bib2df() throws error messages (@tests.R#53)
    
     Error: testthat unit tests failed
     Execution halted
Flavor: r-release-linux-x86_64

Version: 1.0.0
Check: tests
Result: ERROR
     Running 'testthat.R' [2s]
    Running the tests in 'tests/testthat.R' failed.
    Last 13 lines of output:
     > library("testthat")
     > library("bib2df")
     > test_check("bib2df")
     -- 1. Failure: bib2df() throws error messages (@tests.R#53) -------------------
     `bib2df("https://www.ottlngr.de/data/x.bib")` threw an error with unexpected message.
     Expected match: "Invalid URL: File is not readable."
     Actual message: "cannot open the connection"
    
     == testthat results ===========================================================
     OK: 16 SKIPPED: 0 FAILED: 1
     1. Failure: bib2df() throws error messages (@tests.R#53)
    
     Error: testthat unit tests failed
     Execution halted
Flavor: r-oldrel-windows-ix86+x86_64