CRAN Package Check Results for Package bib2df

Last updated on 2018-06-24 00:46:19 CEST.

Flavor Version Tinstall Tcheck Ttotal Status Flags
r-devel-linux-x86_64-debian-clang 1.0.1 2.46 39.13 41.59 OK
r-devel-linux-x86_64-debian-gcc 1.0.1 2.02 30.65 32.67 OK
r-devel-linux-x86_64-fedora-clang 1.0.1 48.02 OK
r-devel-linux-x86_64-fedora-gcc 1.0.1 46.19 OK
r-devel-windows-ix86+x86_64 1.0.1 6.00 51.00 57.00 OK
r-patched-linux-x86_64 1.0.1 1.95 34.96 36.91 OK
r-patched-solaris-x86 1.0.1 73.30 OK
r-release-linux-x86_64 1.0.1 2.18 34.93 37.11 OK
r-release-windows-ix86+x86_64 1.0.1 8.00 58.00 66.00 OK
r-release-osx-x86_64 1.0.1 ERROR
r-oldrel-windows-ix86+x86_64 1.0.1 10.00 50.00 60.00 OK
r-oldrel-osx-x86_64 1.0.1 ERROR

Check Details

Version: 1.0.1
Check: tests
Result: ERROR
     Running ‘testthat.R’ [2s/11s]
    Running the tests in ‘tests/testthat.R’ failed.
    Last 13 lines of output:
     > library("testthat")
     > library("bib2df")
     > test_check("bib2df")
     ── 1. Failure: bib2df() throws error messages (@tests.R#70) ───────────────────
     `bib2df("https://www.example.com/data/x.bib")` threw an error with unexpected message.
     Expected match: "Invalid URL: File is not readable."
     Actual message: "Timeout was reached: Connection timed out after 10002 milliseconds"
    
     ══ testthat results ═══════════════════════════════════════════════════════════
     OK: 19 SKIPPED: 0 FAILED: 1
     1. Failure: bib2df() throws error messages (@tests.R#70)
    
     Error: testthat unit tests failed
     Execution halted
Flavor: r-release-osx-x86_64

Version: 1.0.1
Check: tests
Result: ERROR
     Running ‘testthat.R’ [3s/12s]
    Running the tests in ‘tests/testthat.R’ failed.
    Last 13 lines of output:
     > library("testthat")
     > library("bib2df")
     > test_check("bib2df")
     ── 1. Failure: bib2df() throws error messages (@tests.R#70) ───────────────────
     `bib2df("https://www.example.com/data/x.bib")` threw an error with unexpected message.
     Expected match: "Invalid URL: File is not readable."
     Actual message: "Timeout was reached: Connection timed out after 10010 milliseconds"
    
     ══ testthat results ═══════════════════════════════════════════════════════════
     OK: 19 SKIPPED: 0 FAILED: 1
     1. Failure: bib2df() throws error messages (@tests.R#70)
    
     Error: testthat unit tests failed
     Execution halted
Flavor: r-oldrel-osx-x86_64