CRAN Package Check Results for Package betareg

Last updated on 2021-01-26 23:47:57 CET.

Flavor Version Tinstall Tcheck Ttotal Status Flags
r-devel-linux-x86_64-debian-clang 3.1-3 17.43 180.22 197.65 OK
r-devel-linux-x86_64-debian-gcc 3.1-3 10.36 135.95 146.31 OK
r-devel-linux-x86_64-fedora-clang 3.1-3 242.85 OK
r-devel-linux-x86_64-fedora-gcc 3.1-3 233.87 OK
r-devel-windows-ix86+x86_64 3.1-3 26.00 213.00 239.00 OK
r-patched-linux-x86_64 3.1-3 12.59 174.52 187.11 OK
r-patched-solaris-x86 3.1-3 309.70 OK
r-release-linux-x86_64 3.1-3 12.69 159.92 172.61 WARN
r-release-macos-x86_64 3.1-3 OK
r-release-windows-ix86+x86_64 3.1-3 25.00 160.00 185.00 OK
r-oldrel-macos-x86_64 3.1-3 OK
r-oldrel-windows-ix86+x86_64 3.1-3 18.00 206.00 224.00 OK

Check Details

Version: 3.1-3
Check: re-building of vignette outputs
Result: WARN
    Error(s) in re-building vignettes:
     ...
    --- re-building ‘betareg-ext.Rnw’ using Sweave
    Loading required package: zoo
    
    Attaching package: 'zoo'
    
    The following objects are masked from 'package:base':
    
     as.Date, as.Date.numeric
    
    Loading required package: sandwich
    Error: processing vignette 'betareg-ext.Rnw' failed with diagnostics:
    Running ‘texi2dvi’ on ‘betareg-ext.tex’ failed.
    LaTeX errors:
    ! Undefined control sequence.
    <recently read> \Hy@colorlink
    
    l.91 \begin{document}
    
    ! Undefined control sequence.
    \close@pdflink ->\Hy@endcolorlink
     \Hy@VerboseLinkStop \pdfendlink
    l.91 \begin{document}
    
    ! Undefined control sequence.
    <recently read> \Hy@colorlink
    
    l.91 \begin{document}
    
    ! Undefined control sequence.
    \close@pdflink ->\Hy@endcolorlink
     \Hy@VerboseLinkStop \pdfendlink
    l.91 \begin{document}
    
    ! Undefined control sequence.
    <recently read> \Hy@colorlink
    
    l.91 \begin{document}
    
    ! Undefined control sequence.
    \close@pdflink ->\Hy@endcolorlink
     \Hy@VerboseLinkStop \pdfendlink
    l.91 \begin{document}
    
    ! Undefined control sequence.
    <recently read> \Hy@colorlink
    
    l.91 \begin{document}
    
    ! Undefined control sequence.
    \close@pdflink ->\Hy@endcolorlink
     \Hy@VerboseLinkStop \pdfendlink
    l.91 \begin{document}
    
    --- failed re-building 'betareg-ext.Rnw'
    
    --- re-building ‘betareg.Rnw’ using Sweave
    Loading required package: zoo
    
    Attaching package: 'zoo'
    
    The following objects are masked from 'package:base':
    
     as.Date, as.Date.numeric
    
    Warning in sub(object$syntax$docexpr, val, chunk[pos[1L]]) :
     argument ‘replacement’ has length > 1 and only the first element will be used
    Loading required package: sandwich
    Error: processing vignette 'betareg.Rnw' failed with diagnostics:
    Running ‘texi2dvi’ on ‘betareg.tex’ failed.
    LaTeX errors:
    ! Undefined control sequence.
    <recently read> \Hy@colorlink
    
    l.76 \begin{document}
    
    ! Undefined control sequence.
    \close@pdflink ->\Hy@endcolorlink
     \Hy@VerboseLinkStop \pdfendlink
    l.76 \begin{document}
    
    ! Undefined control sequence.
    <recently read> \Hy@colorlink
    
    l.76 \begin{document}
    
    ! Undefined control sequence.
    \close@pdflink ->\Hy@endcolorlink
     \Hy@VerboseLinkStop \pdfendlink
    l.76 \begin{document}
    
    ! Undefined control sequence.
    <recently read> \Hy@colorlink
    
    l.76 \begin{document}
    
    ! Undefined control sequence.
    \close@pdflink ->\Hy@endcolorlink
     \Hy@VerboseLinkStop \pdfendlink
    l.76 \begin{document}
    
    ! Undefined control sequence.
    <recently read> \Hy@colorlink
    
    l.76 \begin{document}
    
    ! Undefined control sequence.
    \close@pdflink ->\Hy@endcolorlink
     \Hy@VerboseLinkStop \pdfendlink
    l.76 \begin{document}
    
    --- failed re-building 'betareg.Rnw'
    
    SUMMARY: processing the following files failed:
     ‘betareg-ext.Rnw’ ‘betareg.Rnw’
    
    Error: Vignette re-building failed.
    Execution halted
Flavor: r-release-linux-x86_64