Last updated on 2021-04-18 00:47:33 CEST.
Flavor | Version | Tinstall | Tcheck | Ttotal | Status | Flags |
---|---|---|---|---|---|---|
r-devel-linux-x86_64-debian-clang | 2.2.1 | 3.54 | 39.33 | 42.87 | NOTE | |
r-devel-linux-x86_64-debian-gcc | 2.2.1 | 3.21 | 31.95 | 35.16 | NOTE | |
r-devel-linux-x86_64-fedora-clang | 2.2.1 | 69.61 | NOTE | |||
r-devel-linux-x86_64-fedora-gcc | 2.2.1 | 54.87 | NOTE | |||
r-devel-windows-ix86+x86_64 | 2.2.1 | 11.00 | 60.00 | 71.00 | NOTE | |
r-devel-windows-x86_64-gcc10-UCRT | 2.2.1 | NOTE | ||||
r-patched-linux-x86_64 | 2.2.1 | 4.28 | 38.74 | 43.02 | OK | |
r-patched-solaris-x86 | 2.2.1 | 76.00 | OK | |||
r-release-linux-x86_64 | 2.2.1 | 4.03 | 38.59 | 42.62 | OK | |
r-release-macos-x86_64 | 2.2.1 | OK | ||||
r-release-windows-ix86+x86_64 | 2.2.1 | 10.00 | 65.00 | 75.00 | OK | |
r-oldrel-macos-x86_64 | 2.2.1 | OK | ||||
r-oldrel-windows-ix86+x86_64 | 2.2.1 | 5.00 | 59.00 | 64.00 | OK |
Version: 2.2.1
Check: LazyData
Result: NOTE
'LazyData' is specified without a 'data' directory
Flavors: r-devel-linux-x86_64-debian-clang, r-devel-linux-x86_64-debian-gcc, r-devel-linux-x86_64-fedora-clang, r-devel-linux-x86_64-fedora-gcc, r-devel-windows-ix86+x86_64, r-devel-windows-x86_64-gcc10-UCRT