CRAN Package Check Results for Package bcfrailphdv

Last updated on 2021-04-20 05:47:26 CEST.

Flavor Version Tinstall Tcheck Ttotal Status Flags
r-devel-linux-x86_64-debian-clang 0.1.0 19.22 136.15 155.37 NOTE
r-devel-linux-x86_64-debian-gcc 0.1.0 16.95 100.76 117.71 NOTE
r-devel-linux-x86_64-fedora-clang 0.1.0 202.23 NOTE
r-devel-linux-x86_64-fedora-gcc 0.1.0 186.67 NOTE
r-devel-windows-ix86+x86_64 0.1.0 36.00 123.00 159.00 NOTE
r-devel-windows-x86_64-gcc10-UCRT 0.1.0 NOTE
r-patched-linux-x86_64 0.1.0 17.10 124.85 141.95 OK
r-patched-solaris-x86 0.1.0 291.10 OK
r-release-linux-x86_64 0.1.0 17.23 126.30 143.53 OK
r-release-macos-x86_64 0.1.0 OK
r-release-windows-ix86+x86_64 0.1.0 34.00 156.00 190.00 OK
r-oldrel-macos-x86_64 0.1.0 OK
r-oldrel-windows-ix86+x86_64 0.1.0 27.00 145.00 172.00 OK

Check Details

Version: 0.1.0
Check: LazyData
Result: NOTE
     'LazyData' is specified without a 'data' directory
Flavors: r-devel-linux-x86_64-debian-clang, r-devel-linux-x86_64-debian-gcc, r-devel-linux-x86_64-fedora-clang, r-devel-linux-x86_64-fedora-gcc, r-devel-windows-ix86+x86_64, r-devel-windows-x86_64-gcc10-UCRT