CRAN Package Check Results for Package bayestestR

Last updated on 2021-05-16 05:47:43 CEST.

Flavor Version Tinstall Tcheck Ttotal Status Flags
r-devel-linux-x86_64-debian-clang 0.9.0 12.89 409.08 421.97 OK
r-devel-linux-x86_64-debian-gcc 0.9.0 10.64 300.39 311.03 OK
r-devel-linux-x86_64-fedora-clang 0.9.0 OK
r-devel-linux-x86_64-fedora-gcc 0.9.0 493.02 OK
r-devel-windows-ix86+x86_64 0.9.0 20.00 586.00 606.00 OK
r-devel-windows-x86_64-gcc10-UCRT 0.9.0 OK
r-patched-linux-x86_64 0.9.0 13.25 390.86 404.11 OK
r-patched-solaris-x86 0.9.0 745.80 NOTE
r-release-linux-x86_64 0.9.0 11.76 391.70 403.46 OK
r-release-macos-x86_64 0.9.0 OK
r-release-windows-ix86+x86_64 0.9.0 15.00 544.00 559.00 OK
r-oldrel-macos-x86_64 0.9.0 ERROR
r-oldrel-windows-ix86+x86_64 0.9.0 18.00 626.00 644.00 OK

Check Details

Version: 0.9.0
Check: installed package size
Result: NOTE
     installed size is 5.6Mb
     sub-directories of 1Mb or more:
     doc 3.4Mb
     help 1.3Mb
Flavor: r-patched-solaris-x86

Version: 0.9.0
Check: tests
Result: ERROR
     Running ‘spelling.R’ [0s/0s]
     Running ‘testthat.R’ [64s/70s]
    Running the tests in ‘tests/testthat.R’ failed.
    Last 13 lines of output:
     19. └─BayesFactor:::fullDesignMatrix(formula, data, dataTypes)
     20. └─base::lapply(...)
     21. └─BayesFactor:::FUN(X[[i]], ...)
     22. └─BayesFactor:::oneDesignMatrix(...)
     23. └─MatrixModels::model.Matrix(...)
     24. └─methods::new(...)
     25. ├─methods::initialize(value, ...)
     26. └─Matrix:::initialize(value, ...)
     27. ├─methods::callNextMethod()
     28. └─methods:::.nextMethod(.Object = .Object, ... = ...)
     29. └─methods::validObject(.Object)
    
     [ FAIL 2 | WARN 17 | SKIP 11 | PASS 200 ]
     Error: Test failures
     Execution halted
Flavor: r-oldrel-macos-x86_64