CRAN Package Check Results for Package bayeslm

Last updated on 2018-01-17 09:53:15 CET.

Flavor Version Tinstall Tcheck Ttotal Status Flags
r-devel-linux-x86_64-debian-clang 0.6.0 132.79 35.64 168.43 NOTE
r-devel-linux-x86_64-debian-gcc 0.6.0 112.51 26.70 139.21 NOTE
r-devel-linux-x86_64-fedora-clang 0.6.0 234.17 NOTE
r-devel-linux-x86_64-fedora-gcc 0.6.0 242.45 NOTE
r-devel-windows-ix86+x86_64 0.6.0 357.00 70.00 427.00 NOTE
r-patched-linux-x86_64 0.6.0 137.16 34.86 172.02 NOTE
r-patched-solaris-x86 0.6.0 241.70 NOTE
r-release-linux-x86_64 0.6.0 132.61 34.93 167.54 NOTE
r-release-windows-ix86+x86_64 0.6.0 254.00 73.00 327.00 NOTE
r-release-osx-x86_64 0.6.0 NOTE
r-oldrel-windows-ix86+x86_64 0.6.0 354.00 76.00 430.00 NOTE
r-oldrel-osx-x86_64 0.6.0 NOTE

Additional issues

clang-UBSAN gcc-UBSAN

Check Details

Version: 0.6.0
Check: for GNU extensions in Makefiles
Result: NOTE
    GNU make is a SystemRequirements.
Flavors: r-devel-linux-x86_64-debian-clang, r-devel-linux-x86_64-debian-gcc, r-devel-linux-x86_64-fedora-clang, r-devel-linux-x86_64-fedora-gcc, r-devel-windows-ix86+x86_64, r-patched-linux-x86_64, r-patched-solaris-x86, r-release-linux-x86_64, r-release-windows-ix86+x86_64, r-release-osx-x86_64, r-oldrel-windows-ix86+x86_64, r-oldrel-osx-x86_64

Version: 0.6.0
Check: installed package size
Result: NOTE
     installed size is 7.6Mb
     sub-directories of 1Mb or more:
     libs 7.5Mb
Flavors: r-devel-linux-x86_64-fedora-clang, r-devel-linux-x86_64-fedora-gcc, r-oldrel-osx-x86_64