CRAN Package Check Results for Package bayeslm

Last updated on 2018-09-20 17:49:58 CEST.

Flavor Version Tinstall Tcheck Ttotal Status Flags
r-devel-linux-x86_64-debian-clang 0.8.0 156.43 33.67 190.10 NOTE
r-devel-linux-x86_64-debian-gcc 0.8.0 130.82 28.03 158.85 NOTE
r-devel-linux-x86_64-fedora-clang 0.8.0 290.16 NOTE
r-devel-linux-x86_64-fedora-gcc 0.8.0 233.51 NOTE
r-devel-windows-ix86+x86_64 0.8.0 407.00 77.00 484.00 NOTE
r-patched-linux-x86_64 0.8.0 163.35 29.03 192.38 NOTE
r-patched-solaris-x86 0.8.0 240.40 NOTE
r-release-linux-x86_64 0.8.0 162.07 30.16 192.23 NOTE
r-release-windows-ix86+x86_64 0.8.0 411.00 79.00 490.00 NOTE
r-release-osx-x86_64 0.8.0 NOTE
r-oldrel-windows-ix86+x86_64 0.8.0 297.00 98.00 395.00 NOTE
r-oldrel-osx-x86_64 0.8.0 NOTE

Additional issues

clang-UBSAN gcc-UBSAN

Check Details

Version: 0.8.0
Check: for GNU extensions in Makefiles
Result: NOTE
    GNU make is a SystemRequirements.
Flavors: r-devel-linux-x86_64-debian-clang, r-devel-linux-x86_64-debian-gcc, r-devel-linux-x86_64-fedora-clang, r-devel-linux-x86_64-fedora-gcc, r-devel-windows-ix86+x86_64, r-patched-linux-x86_64, r-patched-solaris-x86, r-release-linux-x86_64, r-release-windows-ix86+x86_64, r-release-osx-x86_64, r-oldrel-windows-ix86+x86_64, r-oldrel-osx-x86_64

Version: 0.8.0
Check: installed package size
Result: NOTE
     installed size is 9.5Mb
     sub-directories of 1Mb or more:
     libs 9.4Mb
Flavors: r-devel-linux-x86_64-fedora-clang, r-release-osx-x86_64, r-oldrel-osx-x86_64