CRAN Package Check Results for Package bayeslm

Last updated on 2018-06-24 00:46:19 CEST.

Flavor Version Tinstall Tcheck Ttotal Status Flags
r-devel-linux-x86_64-debian-clang 0.8.0 142.88 35.69 178.57 NOTE
r-devel-linux-x86_64-debian-gcc 0.8.0 125.86 26.58 152.44 NOTE
r-devel-linux-x86_64-fedora-clang 0.8.0 257.80 NOTE
r-devel-linux-x86_64-fedora-gcc 0.8.0 224.59 NOTE
r-devel-windows-ix86+x86_64 0.8.0 397.00 93.00 490.00 NOTE
r-patched-linux-x86_64 0.8.0 151.74 31.79 183.53 NOTE
r-patched-solaris-x86 0.8.0 225.40 NOTE
r-release-linux-x86_64 0.8.0 154.35 31.54 185.89 NOTE
r-release-windows-ix86+x86_64 0.8.0 409.00 81.00 490.00 NOTE
r-release-osx-x86_64 0.8.0 NOTE
r-oldrel-windows-ix86+x86_64 0.8.0 404.00 104.00 508.00 NOTE
r-oldrel-osx-x86_64 0.7.0 NOTE

Additional issues

clang-UBSAN gcc-UBSAN

Check Details

Version: 0.8.0
Check: for GNU extensions in Makefiles
Result: NOTE
    GNU make is a SystemRequirements.
Flavors: r-devel-linux-x86_64-debian-clang, r-devel-linux-x86_64-debian-gcc, r-devel-linux-x86_64-fedora-clang, r-devel-linux-x86_64-fedora-gcc, r-devel-windows-ix86+x86_64, r-patched-linux-x86_64, r-patched-solaris-x86, r-release-linux-x86_64, r-release-windows-ix86+x86_64, r-release-osx-x86_64, r-oldrel-windows-ix86+x86_64

Version: 0.8.0
Check: installed package size
Result: NOTE
     installed size is 8.8Mb
     sub-directories of 1Mb or more:
     libs 8.7Mb
Flavors: r-devel-linux-x86_64-fedora-clang, r-release-osx-x86_64

Version: 0.7.0
Check: for GNU extensions in Makefiles
Result: NOTE
    GNU make is a SystemRequirements.
Flavor: r-oldrel-osx-x86_64