CRAN Package Check Results for Package bayeslm

Last updated on 2018-12-16 15:46:50 CET.

Flavor Version Tinstall Tcheck Ttotal Status Flags
r-devel-linux-x86_64-debian-clang 0.8.0 158.96 32.11 191.07 NOTE
r-devel-linux-x86_64-debian-gcc 0.8.0 133.76 26.57 160.33 NOTE
r-devel-linux-x86_64-fedora-clang 0.8.0 260.80 NOTE
r-devel-linux-x86_64-fedora-gcc 0.8.0 262.02 NOTE
r-devel-windows-ix86+x86_64 0.8.0 399.00 95.00 494.00 NOTE
r-patched-linux-x86_64 0.8.0 164.18 31.07 195.25 NOTE
r-patched-solaris-x86 0.8.0 254.30 NOTE
r-release-linux-x86_64 0.8.0 161.48 29.41 190.89 NOTE
r-release-windows-ix86+x86_64 0.8.0 424.00 91.00 515.00 NOTE
r-release-osx-x86_64 0.8.0 NOTE
r-oldrel-windows-ix86+x86_64 0.8.0 423.00 100.00 523.00 NOTE
r-oldrel-osx-x86_64 0.8.0 NOTE

Additional issues

clang-UBSAN gcc-UBSAN

Check Details

Version: 0.8.0
Check: for GNU extensions in Makefiles
Result: NOTE
    GNU make is a SystemRequirements.
Flavors: r-devel-linux-x86_64-debian-clang, r-devel-linux-x86_64-debian-gcc, r-devel-linux-x86_64-fedora-clang, r-devel-linux-x86_64-fedora-gcc, r-devel-windows-ix86+x86_64, r-patched-linux-x86_64, r-patched-solaris-x86, r-release-linux-x86_64, r-release-windows-ix86+x86_64, r-release-osx-x86_64, r-oldrel-windows-ix86+x86_64, r-oldrel-osx-x86_64

Version: 0.8.0
Check: installed package size
Result: NOTE
     installed size is 9.6Mb
     sub-directories of 1Mb or more:
     libs 9.5Mb
Flavors: r-devel-linux-x86_64-fedora-clang, r-release-osx-x86_64, r-oldrel-osx-x86_64