CRAN Package Check Results for Package bayesDP

Last updated on 2020-09-27 17:49:17 CEST.

Flavor Version Tinstall Tcheck Ttotal Status Flags
r-devel-linux-x86_64-debian-clang 1.3.3 59.14 146.42 205.56 OK
r-devel-linux-x86_64-debian-gcc 1.3.3 47.19 109.23 156.42 OK
r-devel-linux-x86_64-fedora-clang 1.3.3 265.14 OK
r-devel-linux-x86_64-fedora-gcc 1.3.3 250.69 OK
r-devel-windows-ix86+x86_64 1.3.3 142.00 226.00 368.00 OK
r-patched-linux-x86_64 1.3.3 48.69 136.35 185.04 OK
r-patched-solaris-x86 1.3.3 296.50 OK
r-release-linux-x86_64 1.3.3 50.55 137.37 187.92 OK
r-release-macos-x86_64 1.3.3 NOTE
r-release-windows-ix86+x86_64 1.3.3 131.00 227.00 358.00 OK
r-oldrel-macos-x86_64 1.3.3 OK
r-oldrel-windows-ix86+x86_64 1.3.3 124.00 209.00 333.00 OK

Check Details

Version: 1.3.3
Check: installed package size
Result: NOTE
     installed size is 5.0Mb
     sub-directories of 1Mb or more:
     doc 2.2Mb
     libs 2.5Mb
Flavor: r-release-macos-x86_64