CRAN Package Check Results for Package batman

Last updated on 2020-09-19 05:49:23 CEST.

Flavor Version Tinstall Tcheck Ttotal Status Flags
r-devel-linux-x86_64-debian-clang 0.1.0 23.50 26.23 49.73 OK
r-devel-linux-x86_64-debian-gcc 0.1.0 15.90 20.33 36.23 OK
r-devel-linux-x86_64-fedora-clang 0.1.0 81.18 NOTE
r-devel-linux-x86_64-fedora-gcc 0.1.0 63.08 NOTE
r-devel-windows-ix86+x86_64 0.1.0 56.00 58.00 114.00 OK
r-patched-linux-x86_64 0.1.0 16.55 25.49 42.04 OK
r-patched-solaris-x86 0.1.0 72.90 NOTE
r-release-linux-x86_64 0.1.0 17.52 25.80 43.32 OK
r-release-macos-x86_64 0.1.0 NOTE
r-release-windows-ix86+x86_64 0.1.0 57.00 59.00 116.00 OK
r-oldrel-macos-x86_64 0.1.0 NOTE
r-oldrel-windows-ix86+x86_64 0.1.0 42.00 70.00 112.00 OK

Check Details

Version: 0.1.0
Check: data for non-ASCII characters
Result: NOTE
     Note: found 19 marked UTF-8 strings
Flavors: r-devel-linux-x86_64-fedora-clang, r-devel-linux-x86_64-fedora-gcc, r-patched-solaris-x86, r-release-macos-x86_64, r-oldrel-macos-x86_64

Version: 0.1.0
Check: compiled code
Result: NOTE
    File ‘batman/libs/batman.so’:
     Found no calls to: ‘R_registerRoutines’, ‘R_useDynamicSymbols’
    
    It is good practice to register native routines and to disable symbol
    search.
    
    See ‘Writing portable packages’ in the ‘Writing R Extensions’ manual.
Flavors: r-devel-linux-x86_64-fedora-clang, r-devel-linux-x86_64-fedora-gcc