CRAN Package Check Results for Package batchtools

Last updated on 2019-11-13 10:47:07 CET.

Flavor Version Tinstall Tcheck Ttotal Status Flags
r-devel-linux-x86_64-debian-clang 0.9.11 13.78 288.10 301.88 OK
r-devel-linux-x86_64-debian-gcc 0.9.11 10.36 265.20 275.56 OK
r-devel-linux-x86_64-fedora-clang 0.9.11 257.90 OK
r-devel-linux-x86_64-fedora-gcc 0.9.11 230.47 OK
r-devel-windows-ix86+x86_64 0.9.11 44.00 367.00 411.00 OK
r-patched-linux-x86_64 0.9.11 9.87 245.80 255.67 OK
r-patched-solaris-x86 0.9.11 272.70 OK
r-release-linux-x86_64 0.9.11 11.06 237.81 248.87 OK
r-release-windows-ix86+x86_64 0.9.11 36.00 372.00 408.00 OK
r-release-osx-x86_64 0.9.11 NOTE
r-oldrel-windows-ix86+x86_64 0.9.11 20.00 391.00 411.00 OK
r-oldrel-osx-x86_64 0.9.11 NOTE

Check Details

Version: 0.9.11
Check: package dependencies
Result: NOTE
    Package suggested but not available for checking: ‘doMPI’
Flavors: r-release-osx-x86_64, r-oldrel-osx-x86_64

Version: 0.9.11
Check: Rd cross-references
Result: NOTE
    Package unavailable to check Rd xrefs: ‘Rmpi’
Flavors: r-release-osx-x86_64, r-oldrel-osx-x86_64