CRAN Package Check Results for Package batchtools

Last updated on 2019-07-16 05:48:04 CEST.

Flavor Version Tinstall Tcheck Ttotal Status Flags
r-devel-linux-x86_64-debian-clang 0.9.11 12.39 283.42 295.81 OK
r-devel-linux-x86_64-debian-gcc 0.9.11 9.42 253.37 262.79 OK
r-devel-linux-x86_64-fedora-clang 0.9.11 246.99 OK
r-devel-linux-x86_64-fedora-gcc 0.9.11 223.32 OK
r-devel-windows-ix86+x86_64 0.9.11 41.00 371.00 412.00 OK
r-patched-linux-x86_64 0.9.11 10.45 239.84 250.29 OK
r-patched-solaris-x86 0.9.11 271.60 OK
r-release-linux-x86_64 0.9.11 12.65 243.67 256.32 OK
r-release-windows-ix86+x86_64 0.9.11 22.00 384.00 406.00 OK
r-release-osx-x86_64 0.9.11 NOTE
r-oldrel-windows-ix86+x86_64 0.9.11 26.00 369.00 395.00 OK
r-oldrel-osx-x86_64 0.9.11 NOTE

Check Details

Version: 0.9.11
Check: package dependencies
Result: NOTE
    Package suggested but not available for checking: ‘doMPI’
Flavors: r-release-osx-x86_64, r-oldrel-osx-x86_64

Version: 0.9.11
Check: Rd cross-references
Result: NOTE
    Package unavailable to check Rd xrefs: ‘Rmpi’
Flavors: r-release-osx-x86_64, r-oldrel-osx-x86_64