CRAN Package Check Results for Package bandsfdp

Last updated on 2024-04-23 05:58:05 CEST.

Flavor Version Tinstall Tcheck Ttotal Status Flags
r-devel-linux-x86_64-debian-clang 1.1.0 3.45 27.46 30.91 NOTE
r-devel-linux-x86_64-debian-gcc 1.1.0 2.27 20.25 22.52 NOTE
r-devel-linux-x86_64-fedora-clang 1.1.0 39.44 NOTE
r-devel-linux-x86_64-fedora-gcc 1.1.0 37.13 NOTE
r-prerel-macos-arm64 1.1.0 15.00 NOTE
r-prerel-windows-x86_64 1.1.0 3.00 40.00 43.00 NOTE
r-patched-linux-x86_64 1.1.0 2.80 25.29 28.09 NOTE
r-release-linux-x86_64 1.1.0 3.76 25.81 29.57 NOTE
r-release-macos-arm64 1.1.0 18.00 NOTE
r-release-macos-x86_64 1.1.0 35.00 NOTE
r-release-windows-x86_64 1.1.0 5.00 43.00 48.00 NOTE
r-oldrel-macos-arm64 1.1.0 17.00 NOTE
r-oldrel-windows-x86_64 1.1.0 5.00 42.00 47.00 NOTE

Check Details

Version: 1.1.0
Check: package dependencies
Result: NOTE Package suggested but not available for checking: ‘fdpbandsdata’ Flavors: r-devel-linux-x86_64-debian-clang, r-devel-linux-x86_64-debian-gcc, r-devel-linux-x86_64-fedora-clang, r-devel-linux-x86_64-fedora-gcc, r-prerel-macos-arm64, r-prerel-windows-x86_64, r-patched-linux-x86_64, r-release-linux-x86_64, r-release-macos-arm64, r-release-macos-x86_64, r-release-windows-x86_64, r-oldrel-macos-arm64, r-oldrel-windows-x86_64