CRAN Package Check Results for Package babynames

Last updated on 2020-02-25 16:48:03 CET.

Flavor Version Tinstall Tcheck Ttotal Status Flags
r-devel-linux-x86_64-debian-clang 1.0.0 11.30 38.25 49.55 OK
r-devel-linux-x86_64-debian-gcc 1.0.0 11.46 30.83 42.29 OK
r-devel-linux-x86_64-fedora-clang 1.0.0 65.06 NOTE
r-devel-linux-x86_64-fedora-gcc 1.0.0 65.84 OK
r-devel-windows-ix86+x86_64 1.0.0 18.00 48.00 66.00 NOTE
r-devel-windows-ix86+x86_64-gcc8 1.0.0 20.00 52.00 72.00 NOTE
r-patched-linux-x86_64 1.0.0 9.58 34.94 44.52 OK
r-patched-solaris-x86 1.0.0 104.20 NOTE
r-release-linux-x86_64 1.0.0 11.64 35.33 46.97 OK
r-release-windows-ix86+x86_64 1.0.0 16.00 47.00 63.00 NOTE
r-release-osx-x86_64 1.0.0 NOTE
r-oldrel-windows-ix86+x86_64 1.0.0 15.00 49.00 64.00 NOTE
r-oldrel-osx-x86_64 1.0.0 NOTE

Check Details

Version: 1.0.0
Check: installed package size
Result: NOTE
     installed size is 9.5Mb
     sub-directories of 1Mb or more:
     data 9.4Mb
Flavors: r-devel-linux-x86_64-fedora-clang, r-devel-windows-ix86+x86_64, r-devel-windows-ix86+x86_64-gcc8, r-patched-solaris-x86, r-release-windows-ix86+x86_64, r-release-osx-x86_64, r-oldrel-windows-ix86+x86_64, r-oldrel-osx-x86_64