CRAN Package Check Results for Package available

Last updated on 2018-01-17 09:53:15 CET.

Flavor Version Tinstall Tcheck Ttotal Status Flags
r-devel-linux-x86_64-debian-clang 1.0.0 1.00 36.48 37.48 OK
r-devel-linux-x86_64-debian-gcc 1.0.0 0.66 29.01 29.67 OK
r-devel-linux-x86_64-fedora-clang 1.0.0 40.70 NOTE
r-devel-linux-x86_64-fedora-gcc 1.0.0 41.62 NOTE
r-devel-windows-ix86+x86_64 1.0.0 4.00 48.00 52.00 OK
r-patched-linux-x86_64 1.0.0 1.40 34.50 35.90 OK
r-patched-solaris-x86 1.0.0 64.80 NOTE
r-release-linux-x86_64 1.0.0 1.20 34.29 35.49 OK
r-release-windows-ix86+x86_64 1.0.0 4.00 51.00 55.00 OK
r-release-osx-x86_64 1.0.0 NOTE
r-oldrel-windows-ix86+x86_64 1.0.0 5.00 53.00 58.00 OK
r-oldrel-osx-x86_64 1.0.0 NOTE

Check Details

Version: 1.0.0
Check: package dependencies
Result: NOTE
    Package suggested but not available for checking: ‘BiocInstaller’
Flavors: r-devel-linux-x86_64-fedora-clang, r-devel-linux-x86_64-fedora-gcc

Version: 1.0.0
Check: dependencies in R code
Result: NOTE
    Namespace in Imports field not imported from: ‘purrr’
     All declared Imports should be used.
Flavors: r-devel-linux-x86_64-fedora-clang, r-devel-linux-x86_64-fedora-gcc, r-patched-solaris-x86, r-release-osx-x86_64, r-oldrel-osx-x86_64