CRAN Package Check Results for Package available

Last updated on 2018-12-16 15:46:50 CET.

Flavor Version Tinstall Tcheck Ttotal Status Flags
r-devel-linux-x86_64-debian-clang 1.0.2 1.78 35.78 37.56 NOTE
r-devel-linux-x86_64-debian-gcc 1.0.2 1.47 29.88 31.35 NOTE
r-devel-linux-x86_64-fedora-clang 1.0.2 44.56 NOTE
r-devel-linux-x86_64-fedora-gcc 1.0.2 45.27 NOTE
r-devel-windows-ix86+x86_64 1.0.2 5.00 62.00 67.00 OK
r-patched-linux-x86_64 1.0.2 1.51 34.22 35.73 OK
r-patched-solaris-x86 1.0.2 70.90 OK
r-release-linux-x86_64 1.0.2 1.82 34.11 35.93 OK
r-release-windows-ix86+x86_64 1.0.2 5.00 61.00 66.00 OK
r-release-osx-x86_64 1.0.2 OK
r-oldrel-windows-ix86+x86_64 1.0.2 6.00 70.00 76.00 NOTE
r-oldrel-osx-x86_64 1.0.2 NOTE

Check Details

Version: 1.0.2
Check: package dependencies
Result: NOTE
    Package suggested but not available for checking: ‘BiocInstaller’
Flavors: r-devel-linux-x86_64-debian-clang, r-devel-linux-x86_64-debian-gcc, r-devel-linux-x86_64-fedora-clang, r-devel-linux-x86_64-fedora-gcc

Version: 1.0.2
Check: package dependencies
Result: NOTE
    Package suggested but not available for checking: 'BiocManager'
Flavors: r-oldrel-windows-ix86+x86_64, r-oldrel-osx-x86_64