CRAN Package Check Results for Package available

Last updated on 2018-06-24 00:46:19 CEST.

Flavor Version Tinstall Tcheck Ttotal Status Flags
r-devel-linux-x86_64-debian-clang 1.0.0 1.20 38.72 39.92 OK
r-devel-linux-x86_64-debian-gcc 1.0.0 1.17 30.87 32.04 OK
r-devel-linux-x86_64-fedora-clang 1.0.0 45.44 NOTE
r-devel-linux-x86_64-fedora-gcc 1.0.0 43.35 NOTE
r-devel-windows-ix86+x86_64 1.0.0 4.00 49.00 53.00 OK
r-patched-linux-x86_64 1.0.0 1.21 35.06 36.27 OK
r-patched-solaris-x86 1.0.0 63.10 NOTE
r-release-linux-x86_64 1.0.0 1.51 35.27 36.78 OK
r-release-windows-ix86+x86_64 1.0.0 8.00 59.00 67.00 OK
r-release-osx-x86_64 1.0.0 NOTE
r-oldrel-windows-ix86+x86_64 1.0.0 8.00 47.00 55.00 OK
r-oldrel-osx-x86_64 1.0.0 NOTE

Check Details

Version: 1.0.0
Check: dependencies in R code
Result: NOTE
    Namespace in Imports field not imported from: ‘purrr’
     All declared Imports should be used.
Flavors: r-devel-linux-x86_64-fedora-clang, r-devel-linux-x86_64-fedora-gcc, r-patched-solaris-x86, r-release-osx-x86_64, r-oldrel-osx-x86_64