CRAN Package Check Results for Package autokeras

Last updated on 2024-05-25 05:52:18 CEST.

Flavor Version Tinstall Tcheck Ttotal Status Flags
r-devel-linux-x86_64-debian-clang 1.0.12 7.98 86.91 94.89 NOTE
r-devel-linux-x86_64-debian-gcc 1.0.12 6.74 64.40 71.14 NOTE
r-devel-linux-x86_64-fedora-clang 1.0.12 128.42 NOTE
r-devel-linux-x86_64-fedora-gcc 1.0.12 115.59 NOTE
r-devel-windows-x86_64 1.0.12 8.00 137.00 145.00 NOTE
r-patched-linux-x86_64 1.0.12 8.68 81.83 90.51 NOTE
r-release-linux-x86_64 1.0.12 8.99 84.83 93.82 NOTE
r-release-macos-arm64 1.0.12 32.00 NOTE
r-release-windows-x86_64 1.0.12 8.00 136.00 144.00 NOTE
r-oldrel-macos-arm64 1.0.12 35.00 NOTE
r-oldrel-macos-x86_64 1.0.12 59.00 NOTE
r-oldrel-windows-x86_64 1.0.12 11.00 126.00 137.00 NOTE

Check Details

Version: 1.0.12
Check: LazyData
Result: NOTE 'LazyData' is specified without a 'data' directory Flavors: r-devel-linux-x86_64-debian-clang, r-devel-linux-x86_64-debian-gcc, r-devel-linux-x86_64-fedora-clang, r-devel-linux-x86_64-fedora-gcc, r-devel-windows-x86_64, r-patched-linux-x86_64, r-release-linux-x86_64, r-release-macos-arm64, r-release-windows-x86_64, r-oldrel-macos-arm64, r-oldrel-macos-x86_64, r-oldrel-windows-x86_64

Version: 1.0.12
Check: Rd cross-references
Result: NOTE Undeclared package ‘tensorflow’ in Rd xrefs Flavor: r-devel-linux-x86_64-fedora-clang