CRAN Package Check Results for Package autocogs

Last updated on 2020-01-25 04:46:44 CET.

Flavor Version Tinstall Tcheck Ttotal Status Flags
r-devel-linux-x86_64-debian-clang 0.1.2 5.12 43.97 49.09 OK
r-devel-linux-x86_64-debian-gcc 0.1.2 4.45 33.31 37.76 OK
r-devel-linux-x86_64-fedora-clang 0.1.2 61.94 NOTE
r-devel-linux-x86_64-fedora-gcc 0.1.2 56.46 NOTE
r-devel-windows-ix86+x86_64 0.1.2 26.00 83.00 109.00 OK
r-devel-windows-ix86+x86_64-gcc8 0.1.2 18.00 66.00 84.00 OK
r-patched-linux-x86_64 0.1.2 4.44 38.77 43.21 OK
r-patched-solaris-x86 0.1.2 84.90 NOTE
r-release-linux-x86_64 0.1.2 3.85 39.46 43.31 OK
r-release-windows-ix86+x86_64 0.1.2 10.00 113.00 123.00 OK
r-release-osx-x86_64 0.1.2 NOTE
r-oldrel-windows-ix86+x86_64 0.1.2 5.00 49.00 54.00 OK
r-oldrel-osx-x86_64 0.1.2 NOTE

Check Details

Version: 0.1.2
Check: dependencies in R code
Result: NOTE
    Namespaces in Imports field not imported from:
     ‘MASS’ ‘broom’ ‘diptest’ ‘ggplot2’ ‘hexbin’ ‘moments’
     All declared Imports should be used.
Flavors: r-devel-linux-x86_64-fedora-clang, r-devel-linux-x86_64-fedora-gcc, r-patched-solaris-x86, r-release-osx-x86_64, r-oldrel-osx-x86_64