CRAN Package Check Results for Package autocogs

Last updated on 2020-08-06 17:49:11 CEST.

Flavor Version Tinstall Tcheck Ttotal Status Flags
r-devel-linux-x86_64-debian-clang 0.1.3 5.03 48.19 53.22 OK
r-devel-linux-x86_64-debian-gcc 0.1.3 4.12 36.28 40.40 OK
r-devel-linux-x86_64-fedora-clang 0.1.3 71.17 NOTE
r-devel-linux-x86_64-fedora-gcc 0.1.3 63.57 NOTE
r-devel-windows-ix86+x86_64 0.1.3 19.00 86.00 105.00 OK
r-patched-linux-x86_64 0.1.3 4.14 46.43 50.57 OK
r-patched-solaris-x86 0.1.3 96.90 NOTE
r-release-linux-x86_64 0.1.3 5.44 46.30 51.74 OK
r-release-macos-x86_64 0.1.3 NOTE
r-release-windows-ix86+x86_64 0.1.3 18.00 64.00 82.00 OK
r-oldrel-macos-x86_64 0.1.3 NOTE
r-oldrel-windows-ix86+x86_64 0.1.3 11.00 55.00 66.00 OK

Check Details

Version: 0.1.3
Check: dependencies in R code
Result: NOTE
    Namespaces in Imports field not imported from:
     ‘MASS’ ‘broom’ ‘diptest’ ‘ggplot2’ ‘hexbin’ ‘moments’
     All declared Imports should be used.
Flavors: r-devel-linux-x86_64-fedora-clang, r-devel-linux-x86_64-fedora-gcc, r-patched-solaris-x86, r-release-macos-x86_64, r-oldrel-macos-x86_64