CRAN Package Check Results for Package assertive

Last updated on 2021-04-19 11:50:08 CEST.

Flavor Version Tinstall Tcheck Ttotal Status Flags
r-devel-linux-x86_64-debian-clang 0.3-6 3.70 39.81 43.51 NOTE
r-devel-linux-x86_64-debian-gcc 0.3-6 3.27 31.50 34.77 NOTE
r-devel-linux-x86_64-fedora-clang 0.3-6 64.08 NOTE
r-devel-linux-x86_64-fedora-gcc 0.3-6 56.85 NOTE
r-devel-windows-ix86+x86_64 0.3-6 8.00 49.00 57.00 NOTE
r-devel-windows-x86_64-gcc10-UCRT 0.3-6 NOTE
r-patched-linux-x86_64 0.3-6 4.27 39.23 43.50 OK
r-patched-solaris-x86 0.3-6 84.70 OK
r-release-linux-x86_64 0.3-6 4.09 39.32 43.41 OK
r-release-macos-x86_64 0.3-6 OK
r-release-windows-ix86+x86_64 0.3-6 10.00 51.00 61.00 OK
r-oldrel-macos-x86_64 0.3-6 OK
r-oldrel-windows-ix86+x86_64 0.3-6 6.00 59.00 65.00 OK

Check Details

Version: 0.3-6
Check: LazyData
Result: NOTE
     'LazyData' is specified without a 'data' directory
Flavors: r-devel-linux-x86_64-debian-clang, r-devel-linux-x86_64-debian-gcc, r-devel-linux-x86_64-fedora-clang, r-devel-linux-x86_64-fedora-gcc, r-devel-windows-ix86+x86_64, r-devel-windows-x86_64-gcc10-UCRT