CRAN Package Check Results for Package assertive.datetimes

Last updated on 2021-04-23 00:48:40 CEST.

Flavor Version Tinstall Tcheck Ttotal Status Flags
r-devel-linux-x86_64-debian-clang 0.0-3 2.10 25.01 27.11 NOTE
r-devel-linux-x86_64-debian-gcc 0.0-3 1.64 19.70 21.34 NOTE
r-devel-linux-x86_64-fedora-clang 0.0-3 43.46 NOTE
r-devel-linux-x86_64-fedora-gcc 0.0-3 33.07 NOTE
r-devel-windows-ix86+x86_64 0.0-3 6.00 50.00 56.00 NOTE
r-devel-windows-x86_64-gcc10-UCRT 0.0-3 NOTE
r-patched-linux-x86_64 0.0-3 2.17 24.54 26.71 OK
r-patched-solaris-x86 0.0-3 51.90 OK
r-release-linux-x86_64 0.0-3 2.15 24.33 26.48 OK
r-release-macos-x86_64 0.0-3 OK
r-release-windows-ix86+x86_64 0.0-3 6.00 33.00 39.00 OK
r-oldrel-macos-x86_64 0.0-3 OK
r-oldrel-windows-ix86+x86_64 0.0-3 16.00 44.00 60.00 OK

Check Details

Version: 0.0-3
Check: LazyData
Result: NOTE
     'LazyData' is specified without a 'data' directory
Flavors: r-devel-linux-x86_64-debian-clang, r-devel-linux-x86_64-debian-gcc, r-devel-linux-x86_64-fedora-clang, r-devel-linux-x86_64-fedora-gcc, r-devel-windows-ix86+x86_64, r-devel-windows-x86_64-gcc10-UCRT