CRAN Package Check Results for Package argonR

Last updated on 2021-05-16 17:46:40 CEST.

Flavor Version Tinstall Tcheck Ttotal Status Flags
r-devel-linux-x86_64-debian-clang 0.2.0 4.48 30.04 34.52 NOTE
r-devel-linux-x86_64-debian-gcc 0.2.0 3.37 23.94 27.31 NOTE
r-devel-linux-x86_64-fedora-clang 0.2.0 49.54 NOTE
r-devel-linux-x86_64-fedora-gcc 0.2.0 39.54 NOTE
r-devel-windows-ix86+x86_64 0.2.0 8.00 47.00 55.00 NOTE
r-devel-windows-x86_64-gcc10-UCRT 0.2.0 NOTE
r-patched-linux-x86_64 0.2.0 4.55 29.53 34.08 NOTE
r-patched-solaris-x86 0.2.0 62.20 NOTE
r-release-linux-x86_64 0.2.0 3.51 29.33 32.84 OK
r-release-macos-x86_64 0.2.0 OK
r-release-windows-ix86+x86_64 0.2.0 7.00 41.00 48.00 OK
r-oldrel-macos-x86_64 0.2.0 OK
r-oldrel-windows-ix86+x86_64 0.2.0 5.00 44.00 49.00 OK

Check Details

Version: 0.2.0
Check: LazyData
Result: NOTE
     'LazyData' is specified without a 'data' directory
Flavors: r-devel-linux-x86_64-debian-clang, r-devel-linux-x86_64-debian-gcc, r-devel-linux-x86_64-fedora-clang, r-devel-linux-x86_64-fedora-gcc, r-devel-windows-ix86+x86_64, r-devel-windows-x86_64-gcc10-UCRT, r-patched-linux-x86_64, r-patched-solaris-x86