CRAN Package Check Results for Package argonDash

Last updated on 2021-05-08 11:50:17 CEST.

Flavor Version Tinstall Tcheck Ttotal Status Flags
r-devel-linux-x86_64-debian-clang 0.2.0 2.70 24.65 27.35 NOTE
r-devel-linux-x86_64-debian-gcc 0.2.0 2.23 19.28 21.51 NOTE
r-devel-linux-x86_64-fedora-clang 0.2.0 42.85 NOTE
r-devel-linux-x86_64-fedora-gcc 0.2.0 32.12 NOTE
r-devel-windows-ix86+x86_64 0.2.0 6.00 40.00 46.00 NOTE
r-devel-windows-x86_64-gcc10-UCRT 0.2.0 NOTE
r-patched-linux-x86_64 0.2.0 6.88 23.99 30.87 NOTE
r-patched-solaris-x86 0.2.0 65.20 OK
r-release-linux-x86_64 0.2.0 2.81 23.70 26.51 OK
r-release-macos-x86_64 0.2.0 OK
r-release-windows-ix86+x86_64 0.2.0 8.00 29.00 37.00 OK
r-oldrel-macos-x86_64 0.2.0 OK
r-oldrel-windows-ix86+x86_64 0.2.0 5.00 15.00 20.00 ERROR

Check Details

Version: 0.2.0
Check: LazyData
Result: NOTE
     'LazyData' is specified without a 'data' directory
Flavors: r-devel-linux-x86_64-debian-clang, r-devel-linux-x86_64-debian-gcc, r-devel-linux-x86_64-fedora-clang, r-devel-linux-x86_64-fedora-gcc, r-devel-windows-ix86+x86_64, r-devel-windows-x86_64-gcc10-UCRT, r-patched-linux-x86_64

Version: 0.2.0
Check: whether package can be installed
Result: ERROR
    Installation failed.
    See *
Flavor: r-oldrel-windows-ix86+x86_64