Last updated on 2021-04-21 11:53:20 CEST.
Flavor | Version | Tinstall | Tcheck | Ttotal | Status | Flags |
---|---|---|---|---|---|---|
r-devel-linux-x86_64-debian-clang | 0.3.4 | 9.98 | 117.53 | 127.51 | OK | |
r-devel-linux-x86_64-debian-gcc | 0.3.4 | 8.47 | 88.14 | 96.61 | OK | |
r-devel-linux-x86_64-fedora-clang | 0.3.4 | 154.36 | NOTE | |||
r-devel-linux-x86_64-fedora-gcc | 0.3.4 | 142.39 | NOTE | |||
r-devel-windows-ix86+x86_64 | 0.3.4 | 16.00 | 113.00 | 129.00 | OK | |
r-devel-windows-x86_64-gcc10-UCRT | 0.3.4 | NOTE | ||||
r-patched-linux-x86_64 | 0.3.4 | 15.04 | 110.23 | 125.27 | OK | |
r-patched-solaris-x86 | 0.3.4 | 234.70 | NOTE | |||
r-release-linux-x86_64 | 0.3.4 | 9.08 | 110.62 | 119.70 | OK | |
r-release-macos-x86_64 | 0.3.4 | NOTE | ||||
r-release-windows-ix86+x86_64 | 0.3.4 | 21.00 | 150.00 | 171.00 | OK | |
r-oldrel-macos-x86_64 | 0.3.4 | NOTE | ||||
r-oldrel-windows-ix86+x86_64 | 0.3.4 | 19.00 | 140.00 | 159.00 | OK |
Version: 0.3.4
Check: data for non-ASCII characters
Result: NOTE
Note: found 8 marked UTF-8 strings
Flavors: r-devel-linux-x86_64-fedora-clang, r-devel-linux-x86_64-fedora-gcc, r-devel-windows-x86_64-gcc10-UCRT, r-patched-solaris-x86, r-release-macos-x86_64, r-oldrel-macos-x86_64