CRAN Package Check Results for Package apcluster

Last updated on 2018-01-20 09:51:00 CET.

Flavor Version Tinstall Tcheck Ttotal Status Flags
r-devel-linux-x86_64-debian-clang 1.4.4 32.93 117.06 149.99 OK
r-devel-linux-x86_64-debian-gcc 1.4.4 32.42 87.77 120.19 OK
r-devel-linux-x86_64-fedora-clang 1.4.4 170.57 ERROR
r-devel-linux-x86_64-fedora-gcc 1.4.4 161.52 ERROR
r-devel-windows-ix86+x86_64 1.4.4 116.00 172.00 288.00 OK
r-patched-linux-x86_64 1.4.4 39.25 120.20 159.45 OK
r-patched-solaris-x86 1.4.4 220.20 WARN
r-release-linux-x86_64 1.4.4 36.59 118.26 154.85 OK
r-release-windows-ix86+x86_64 1.4.4 115.00 214.00 329.00 OK
r-release-osx-x86_64 1.4.4 ERROR
r-oldrel-windows-ix86+x86_64 1.4.4 110.00 167.00 277.00 OK
r-oldrel-osx-x86_64 1.4.4 OK

Check Details

Version: 1.4.4
Check: package dependencies
Result: NOTE
    Packages suggested but not available for checking: ‘Biostrings’ ‘kebabs’
Flavors: r-devel-linux-x86_64-fedora-clang, r-devel-linux-x86_64-fedora-gcc, r-release-osx-x86_64

Version: 1.4.4
Check: examples
Result: ERROR
    Running examples in ‘apcluster-Ex.R’ failed
    The error most likely occurred in:
    
    > ### Name: ch22Promoters
    > ### Title: ch22Promoters Data Set
    > ### Aliases: ch22Promoters
    > ### Keywords: datasets
    >
    > ### ** Examples
    >
    > ## load Biostrings package
    > library(Biostrings)
    Error in library(Biostrings) : there is no package called ‘Biostrings’
    Execution halted
Flavors: r-devel-linux-x86_64-fedora-clang, r-devel-linux-x86_64-fedora-gcc, r-release-osx-x86_64

Version: 1.4.4
Check: re-building of vignette outputs
Result: WARN
    Error in re-building vignettes:
     ...
    Quitting from lines 31-44 (apcluster.Rnw)
    Error: processing vignette 'apcluster.Rnw' failed with diagnostics:
    there is no package called 'kebabs'
    Execution halted
Flavors: r-devel-linux-x86_64-fedora-clang, r-devel-linux-x86_64-fedora-gcc, r-patched-solaris-x86, r-release-osx-x86_64

Version: 1.4.4
Check: package dependencies
Result: NOTE
    Package suggested but not available for checking: ‘kebabs’
Flavor: r-patched-solaris-x86