CRAN Package Check Results for Package apcluster

Last updated on 2018-04-25 17:48:40 CEST.

Flavor Version Tinstall Tcheck Ttotal Status Flags
r-devel-linux-x86_64-debian-clang 1.4.5 48.43 118.65 167.08 OK
r-devel-linux-x86_64-debian-gcc 1.4.5 38.36 87.85 126.21 OK
r-devel-linux-x86_64-fedora-clang 1.4.5 210.32 OK
r-devel-linux-x86_64-fedora-gcc 1.4.5 197.70 OK
r-devel-windows-ix86+x86_64 1.4.5 116.00 158.00 274.00 OK
r-patched-linux-x86_64 1.4.5 45.59 112.03 157.62 OK
r-patched-solaris-x86 1.4.5 214.00 WARN
r-release-linux-x86_64 1.4.5 48.78 112.55 161.33 OK
r-release-windows-ix86+x86_64 1.4.5 116.00 158.00 274.00 OK
r-release-osx-x86_64 1.4.5 WARN
r-oldrel-windows-ix86+x86_64 1.4.5 87.00 146.00 233.00 OK
r-oldrel-osx-x86_64 1.4.5 WARN

Check Details

Version: 1.4.5
Check: package dependencies
Result: NOTE
    Package suggested but not available for checking: ‘kebabs’
Flavor: r-patched-solaris-x86

Version: 1.4.5
Check: re-building of vignette outputs
Result: WARN
    Error in re-building vignettes:
     ...
    
    Attaching package: 'apcluster'
    
    The following object is masked from 'package:stats':
    
     heatmap
    
    Quitting from lines 293-307 (apcluster.Rnw)
    Error: processing vignette 'apcluster.Rnw' failed with diagnostics:
    object 'apres1b' not found
    Execution halted
Flavors: r-patched-solaris-x86, r-release-osx-x86_64, r-oldrel-osx-x86_64

Version: 1.4.5
Check: package dependencies
Result: NOTE
    Packages suggested but not available for checking: ‘Biostrings’ ‘kebabs’
Flavors: r-release-osx-x86_64, r-oldrel-osx-x86_64