CRAN Package Check Results for Package apcluster

Last updated on 2018-07-18 05:48:29 CEST.

Flavor Version Tinstall Tcheck Ttotal Status Flags
r-devel-linux-x86_64-debian-clang 1.4.7 52.08 120.08 172.16 OK
r-devel-linux-x86_64-debian-gcc 1.4.7 45.98 93.87 139.85 OK
r-devel-linux-x86_64-fedora-clang 1.4.7 226.34 OK
r-devel-linux-x86_64-fedora-gcc 1.4.7 215.63 OK
r-devel-windows-ix86+x86_64 1.4.7 133.00 161.00 294.00 OK
r-patched-linux-x86_64 1.4.7 58.30 106.14 164.44 OK
r-patched-solaris-x86 1.4.7 218.90 WARN
r-release-linux-x86_64 1.4.7 52.69 105.88 158.57 OK
r-release-windows-ix86+x86_64 1.4.7 143.00 208.00 351.00 OK
r-release-osx-x86_64 1.4.7 WARN
r-oldrel-windows-ix86+x86_64 1.4.7 135.00 156.00 291.00 OK
r-oldrel-osx-x86_64 1.4.7 WARN

Check Details

Version: 1.4.7
Check: package dependencies
Result: NOTE
    Package suggested but not available for checking: ‘kebabs’
Flavors: r-patched-solaris-x86, r-release-osx-x86_64, r-oldrel-osx-x86_64

Version: 1.4.7
Check: re-building of vignette outputs
Result: WARN
    Error in re-building vignettes:
     ...
    
    Attaching package: 'apcluster'
    
    The following object is masked from 'package:stats':
    
     heatmap
    
    Quitting from lines 387-408 (apcluster.Rnw)
    Error: processing vignette 'apcluster.Rnw' failed with diagnostics:
    object 'apres2c' not found
    Execution halted
Flavors: r-patched-solaris-x86, r-release-osx-x86_64, r-oldrel-osx-x86_64