CRAN Package Check Results for Package animaltracker

Last updated on 2021-05-10 17:46:49 CEST.

Flavor Version Tinstall Tcheck Ttotal Status Flags
r-devel-linux-x86_64-debian-clang 0.2.0 11.44 82.44 93.88 OK
r-devel-linux-x86_64-debian-gcc 0.2.0 8.11 62.07 70.18 OK
r-devel-linux-x86_64-fedora-clang 0.2.0 118.66 NOTE
r-devel-linux-x86_64-fedora-gcc 0.2.0 106.43 OK
r-devel-windows-ix86+x86_64 0.2.0 22.00 104.00 126.00 OK
r-devel-windows-x86_64-gcc10-UCRT 0.2.0 OK
r-patched-linux-x86_64 0.2.0 9.13 79.30 88.43 OK
r-patched-solaris-x86 0.2.0 148.60 OK
r-release-linux-x86_64 0.2.0 8.50 76.73 85.23 OK
r-release-macos-x86_64 0.2.0 OK
r-release-windows-ix86+x86_64 0.2.0 16.00 78.00 94.00 OK
r-oldrel-macos-x86_64 0.2.0 OK
r-oldrel-windows-ix86+x86_64 0.2.0 17.00 102.00 119.00 OK

Check Details

Version: 0.2.0
Check: package dependencies
Result: NOTE
    Imports includes 22 non-default packages.
    Importing from so many packages makes the package vulnerable to any of
    them becoming unavailable. Move as many as possible to Suggests and
    use conditionally.
Flavor: r-devel-linux-x86_64-fedora-clang