Last updated on 2021-04-18 17:47:30 CEST.
Flavor | Version | Tinstall | Tcheck | Ttotal | Status | Flags |
---|---|---|---|---|---|---|
r-devel-linux-x86_64-debian-clang | 1.0.0 | 34.25 | 150.03 | 184.28 | NOTE | |
r-devel-linux-x86_64-debian-gcc | 1.0.0 | 25.07 | 113.23 | 138.30 | NOTE | |
r-devel-linux-x86_64-fedora-clang | 1.0.0 | 233.28 | NOTE | |||
r-devel-linux-x86_64-fedora-gcc | 1.0.0 | 227.50 | NOTE | |||
r-devel-windows-ix86+x86_64 | 1.0.0 | 83.00 | 237.00 | 320.00 | NOTE | |
r-devel-windows-x86_64-gcc10-UCRT | 1.0.0 | NOTE | ||||
r-patched-linux-x86_64 | 1.0.0 | 30.95 | 140.85 | 171.80 | OK | |
r-patched-solaris-x86 | 1.0.0 | 306.00 | NOTE | |||
r-release-linux-x86_64 | 1.0.0 | 26.57 | 139.59 | 166.16 | OK | |
r-release-macos-x86_64 | 1.0.0 | NOTE | ||||
r-release-windows-ix86+x86_64 | 1.0.0 | 80.00 | 244.00 | 324.00 | OK | |
r-oldrel-macos-x86_64 | 1.0.0 | NOTE | ||||
r-oldrel-windows-ix86+x86_64 | 1.0.0 | 51.00 | 220.00 | 271.00 | OK |
Version: 1.0.0
Check: LazyData
Result: NOTE
'LazyData' is specified without a 'data' directory
Flavors: r-devel-linux-x86_64-debian-clang, r-devel-linux-x86_64-debian-gcc, r-devel-linux-x86_64-fedora-clang, r-devel-linux-x86_64-fedora-gcc, r-devel-windows-ix86+x86_64, r-devel-windows-x86_64-gcc10-UCRT
Version: 1.0.0
Check: dependencies in R code
Result: NOTE
Namespace in Imports field not imported from: ‘kernlab’
All declared Imports should be used.
Flavors: r-devel-linux-x86_64-fedora-clang, r-devel-linux-x86_64-fedora-gcc, r-devel-windows-x86_64-gcc10-UCRT, r-patched-solaris-x86, r-release-macos-x86_64, r-oldrel-macos-x86_64