CRAN Package Check Results for Package alookr

Last updated on 2021-05-10 17:46:49 CEST.

Flavor Version Tinstall Tcheck Ttotal Status Flags
r-devel-linux-x86_64-debian-clang 0.3.4 15.44 221.43 236.87 NOTE
r-devel-linux-x86_64-debian-gcc 0.3.4 13.05 163.78 176.83 NOTE
r-devel-linux-x86_64-fedora-clang 0.3.4 296.44 NOTE
r-devel-linux-x86_64-fedora-gcc 0.3.4 272.88 NOTE
r-devel-windows-ix86+x86_64 0.3.4 46.00 250.00 296.00 NOTE
r-devel-windows-x86_64-gcc10-UCRT 0.3.4 NOTE
r-patched-linux-x86_64 0.3.4 21.03 206.84 227.87 NOTE
r-patched-solaris-x86 0.3.4 426.70 NOTE
r-release-linux-x86_64 0.3.4 12.75 206.39 219.14 OK
r-release-macos-x86_64 0.3.4 OK
r-release-windows-ix86+x86_64 0.3.4 31.00 184.00 215.00 OK
r-oldrel-macos-x86_64 0.3.4 OK
r-oldrel-windows-ix86+x86_64 0.3.4 34.00 240.00 274.00 OK

Check Details

Version: 0.3.4
Check: LazyData
Result: NOTE
     'LazyData' is specified without a 'data' directory
Flavors: r-devel-linux-x86_64-debian-clang, r-devel-linux-x86_64-debian-gcc, r-devel-linux-x86_64-fedora-clang, r-devel-linux-x86_64-fedora-gcc, r-devel-windows-ix86+x86_64, r-devel-windows-x86_64-gcc10-UCRT, r-patched-linux-x86_64, r-patched-solaris-x86