CRAN Package Check Results for Package allMT

Last updated on 2024-04-15 05:55:09 CEST.

Flavor Version Tinstall Tcheck Ttotal Status Flags
r-devel-linux-x86_64-debian-clang 0.1.0 15.13 126.96 142.09 NOTE
r-devel-linux-x86_64-debian-gcc 0.1.0 11.94 92.14 104.08 NOTE
r-devel-linux-x86_64-fedora-clang 0.1.0 171.72 NOTE
r-devel-linux-x86_64-fedora-gcc 0.1.0 182.98 NOTE
r-devel-windows-x86_64 0.1.0 15.00 105.00 120.00 NOTE
r-patched-linux-x86_64 0.1.0 12.90 119.90 132.80 NOTE
r-release-linux-x86_64 0.1.0 14.46 122.24 136.70 OK
r-release-macos-arm64 0.1.0 35.00 OK
r-release-macos-x86_64 0.1.0 86.00 OK
r-release-windows-x86_64 0.1.0 19.00 125.00 144.00 OK
r-oldrel-macos-arm64 0.1.0 33.00 OK
r-oldrel-windows-x86_64 0.1.0 19.00 127.00 146.00 OK

Check Details

Version: 0.1.0
Check: Rd files
Result: NOTE checkRd: (-1) compare_cohorts.Rd:35: Lost braces in \itemize; meant \describe ? checkRd: (-1) compare_cohorts.Rd:36: Lost braces in \itemize; meant \describe ? Flavors: r-devel-linux-x86_64-debian-clang, r-devel-linux-x86_64-debian-gcc, r-devel-linux-x86_64-fedora-clang, r-devel-linux-x86_64-fedora-gcc, r-devel-windows-x86_64, r-patched-linux-x86_64