CRAN Package Check Results for Package alakazam

Last updated on 2024-04-22 00:53:06 CEST.

Flavor Version Tinstall Tcheck Ttotal Status Flags
r-devel-linux-x86_64-debian-clang 1.3.0 0.90 2.73 3.63 ERROR
r-devel-linux-x86_64-debian-gcc 1.3.0 1.95 1.95 ERROR
r-devel-linux-x86_64-fedora-clang 1.3.0 996.52 NOTE
r-devel-linux-x86_64-fedora-gcc 1.3.0 962.89 NOTE
r-prerel-macos-arm64 1.3.0 250.00 NOTE
r-prerel-macos-x86_64 1.3.0 480.00 OK
r-prerel-windows-x86_64 1.3.0 62.00 631.00 693.00 NOTE
r-patched-linux-x86_64 1.3.0 58.37 651.74 710.11 NOTE
r-release-linux-x86_64 1.3.0 51.77 665.63 717.40 OK
r-release-macos-arm64 1.3.0 235.00 OK
r-release-macos-x86_64 1.3.0 560.00 OK
r-release-windows-x86_64 1.3.0 80.00 781.00 861.00 OK
r-oldrel-macos-arm64 1.3.0 204.00 OK
r-oldrel-windows-x86_64 1.3.0 78.00 695.00 773.00 OK

Check Details

Version: 1.3.0
Check: package dependencies
Result: ERROR Packages required but not available: 'Biostrings', 'GenomicAlignments' See section ‘The DESCRIPTION file’ in the ‘Writing R Extensions’ manual. Flavor: r-devel-linux-x86_64-debian-clang

Version: 1.3.0
Check: package dependencies
Result: ERROR Package required but not available: ‘GenomicAlignments’ See section ‘The DESCRIPTION file’ in the ‘Writing R Extensions’ manual. Flavor: r-devel-linux-x86_64-debian-gcc

Version: 1.3.0
Check: Rd files
Result: NOTE checkRd: (-1) buildPhylipLineage.Rd:61: Lost braces; missing escapes or markup? 61 | names with the format {"Inferred1", "Inferred2", ...}. | ^ Flavors: r-devel-linux-x86_64-fedora-clang, r-devel-linux-x86_64-fedora-gcc, r-prerel-macos-arm64, r-prerel-windows-x86_64, r-patched-linux-x86_64