CRAN Package Check Results for Package aimPlot

Last updated on 2024-04-14 05:59:36 CEST.

Flavor Version Tinstall Tcheck Ttotal Status Flags
r-devel-linux-x86_64-debian-clang 1.0.0 1.95 25.44 27.39 NOTE
r-devel-linux-x86_64-debian-gcc 1.0.0 1.62 19.39 21.01 NOTE
r-devel-linux-x86_64-fedora-clang 1.0.0 33.93 NOTE
r-devel-linux-x86_64-fedora-gcc 1.0.0 35.38 NOTE
r-devel-windows-x86_64 1.0.0 3.00 41.00 44.00 NOTE
r-patched-linux-x86_64 1.0.0 2.19 24.83 27.02 NOTE
r-release-linux-x86_64 1.0.0 2.26 23.90 26.16 OK
r-release-macos-arm64 1.0.0 21.00 OK
r-release-macos-x86_64 1.0.0 21.00 OK
r-release-windows-x86_64 1.0.0 4.00 40.00 44.00 OK
r-oldrel-macos-arm64 1.0.0 17.00 OK
r-oldrel-windows-x86_64 1.0.0 4.00 45.00 49.00 OK

Check Details

Version: 1.0.0
Check: Rd files
Result: NOTE checkRd: (-1) aimPlot.Rd:39: Lost braces; missing escapes or markup? 39 | \item \code{Variable} {1st column: The various aims to be completed} | ^ checkRd: (-1) aimPlot.Rd:40: Lost braces; missing escapes or markup? 40 | \item \code{Percentage} {2nd column: The percentage of completeness} | ^ Flavors: r-devel-linux-x86_64-debian-clang, r-devel-linux-x86_64-debian-gcc, r-devel-linux-x86_64-fedora-clang, r-devel-linux-x86_64-fedora-gcc, r-devel-windows-x86_64, r-patched-linux-x86_64