CRAN Package Check Results for Package adwordsR

Last updated on 2024-04-12 17:56:54 CEST.

Flavor Version Tinstall Tcheck Ttotal Status Flags
r-devel-linux-x86_64-debian-clang 0.3.1 2.02 25.65 27.67 NOTE
r-devel-linux-x86_64-debian-gcc 0.3.1 1.31 19.56 20.87 NOTE
r-devel-linux-x86_64-fedora-clang 0.3.1 35.15 NOTE
r-devel-linux-x86_64-fedora-gcc 0.3.1 35.49 NOTE
r-devel-windows-x86_64 0.3.1 3.00 45.00 48.00 NOTE
r-patched-linux-x86_64 0.3.1 2.83 24.31 27.14 NOTE
r-release-linux-x86_64 0.3.1 2.51 24.11 26.62 NOTE
r-release-macos-arm64 0.3.1 18.00 NOTE
r-release-macos-x86_64 0.3.1 21.00 NOTE
r-release-windows-x86_64 0.3.1 5.00 47.00 52.00 NOTE
r-oldrel-macos-arm64 0.3.1 19.00 NOTE
r-oldrel-windows-x86_64 0.3.1 5.00 46.00 51.00 NOTE

Check Details

Version: 0.3.1
Check: LazyData
Result: NOTE 'LazyData' is specified without a 'data' directory Flavors: r-devel-linux-x86_64-debian-clang, r-devel-linux-x86_64-debian-gcc, r-devel-linux-x86_64-fedora-clang, r-devel-linux-x86_64-fedora-gcc, r-devel-windows-x86_64, r-patched-linux-x86_64, r-release-linux-x86_64, r-release-macos-arm64, r-release-macos-x86_64, r-release-windows-x86_64, r-oldrel-macos-arm64, r-oldrel-windows-x86_64