CRAN Package Check Results for Package adsDataHubR

Last updated on 2024-04-23 05:58:03 CEST.

Flavor Version Tinstall Tcheck Ttotal Status Flags
r-devel-linux-x86_64-debian-clang 0.1.1 3.13 31.24 34.37 NOTE
r-devel-linux-x86_64-debian-gcc 0.1.1 2.62 24.18 26.80 NOTE
r-devel-linux-x86_64-fedora-clang 0.1.1 43.66 NOTE
r-devel-linux-x86_64-fedora-gcc 0.1.1 43.99 NOTE
r-prerel-macos-arm64 0.1.1 18.00 NOTE
r-prerel-windows-x86_64 0.1.1 4.00 45.00 49.00 NOTE
r-patched-linux-x86_64 0.1.1 3.39 30.46 33.85 NOTE
r-release-linux-x86_64 0.1.1 3.33 31.04 34.37 NOTE
r-release-macos-arm64 0.1.1 18.00 NOTE
r-release-macos-x86_64 0.1.1 25.00 NOTE
r-release-windows-x86_64 0.1.1 5.00 47.00 52.00 NOTE
r-oldrel-macos-arm64 0.1.1 18.00 NOTE
r-oldrel-windows-x86_64 0.1.1 4.00 50.00 54.00 NOTE

Check Details

Version: 0.1.1
Check: LazyData
Result: NOTE 'LazyData' is specified without a 'data' directory Flavors: r-devel-linux-x86_64-debian-clang, r-devel-linux-x86_64-debian-gcc, r-devel-linux-x86_64-fedora-clang, r-devel-linux-x86_64-fedora-gcc, r-prerel-macos-arm64, r-prerel-windows-x86_64, r-patched-linux-x86_64, r-release-linux-x86_64, r-release-macos-arm64, r-release-macos-x86_64, r-release-windows-x86_64, r-oldrel-macos-arm64, r-oldrel-windows-x86_64