CRAN Package Check Results for Package add2ggplot

Last updated on 2024-04-25 06:01:57 CEST.

Flavor Version Tinstall Tcheck Ttotal Status Flags
r-devel-linux-x86_64-debian-clang 0.3.0 6.02 59.53 65.55 NOTE
r-devel-linux-x86_64-debian-gcc 0.3.0 4.47 44.39 48.86 NOTE
r-devel-linux-x86_64-fedora-clang 0.3.0 83.71 NOTE
r-devel-linux-x86_64-fedora-gcc 0.3.0 94.08 NOTE
r-devel-windows-x86_64 0.3.0 7.00 65.00 72.00 NOTE
r-patched-linux-x86_64 0.3.0 6.23 54.76 60.99 NOTE
r-release-linux-x86_64 0.3.0 6.07 55.11 61.18 NOTE
r-release-macos-arm64 0.3.0 33.00 NOTE
r-release-windows-x86_64 0.3.0 7.00 62.00 69.00 NOTE
r-oldrel-macos-arm64 0.3.0 35.00 NOTE
r-oldrel-macos-x86_64 0.3.0 53.00 NOTE
r-oldrel-windows-x86_64 0.3.0 9.00 71.00 80.00 NOTE

Check Details

Version: 0.3.0
Check: LazyData
Result: NOTE 'LazyData' is specified without a 'data' directory Flavors: r-devel-linux-x86_64-debian-clang, r-devel-linux-x86_64-debian-gcc, r-devel-linux-x86_64-fedora-clang, r-devel-linux-x86_64-fedora-gcc, r-devel-windows-x86_64, r-patched-linux-x86_64, r-release-linux-x86_64, r-release-macos-arm64, r-release-windows-x86_64, r-oldrel-macos-arm64, r-oldrel-macos-x86_64, r-oldrel-windows-x86_64