CRAN Package Check Results for Package ace2fastq

Last updated on 2024-04-18 06:09:40 CEST.

Flavor Version Tinstall Tcheck Ttotal Status Flags
r-devel-linux-x86_64-debian-clang 0.6.0 2.94 37.27 40.21 NOTE
r-devel-linux-x86_64-debian-gcc 0.6.0 2.60 27.90 30.50 NOTE
r-devel-linux-x86_64-fedora-clang 0.6.0 51.29 NOTE
r-devel-linux-x86_64-fedora-gcc 0.6.0 60.83 NOTE
r-prerel-macos-arm64 0.6.0 25.00 NOTE
r-prerel-windows-x86_64 0.6.0 4.00 49.00 53.00 NOTE
r-patched-linux-x86_64 0.6.0 3.25 34.92 38.17 NOTE
r-release-linux-x86_64 0.6.0 2.56 33.54 36.10 NOTE
r-release-macos-arm64 0.6.0 26.00 NOTE
r-release-macos-x86_64 0.6.0 36.00 NOTE
r-release-windows-x86_64 0.6.0 5.00 51.00 56.00 NOTE
r-oldrel-macos-arm64 0.6.0 20.00 NOTE
r-oldrel-windows-x86_64 0.6.0 5.00 55.00 60.00 NOTE

Check Details

Version: 0.6.0
Check: LazyData
Result: NOTE 'LazyData' is specified without a 'data' directory Flavors: r-devel-linux-x86_64-debian-clang, r-devel-linux-x86_64-debian-gcc, r-devel-linux-x86_64-fedora-clang, r-devel-linux-x86_64-fedora-gcc, r-prerel-macos-arm64, r-prerel-windows-x86_64, r-patched-linux-x86_64, r-release-linux-x86_64, r-release-macos-arm64, r-release-macos-x86_64, r-release-windows-x86_64, r-oldrel-macos-arm64, r-oldrel-windows-x86_64