CRAN Package Check Results for Package abodOutlier

Last updated on 2024-04-25 06:01:57 CEST.

Flavor Version Tinstall Tcheck Ttotal Status Flags
r-devel-linux-x86_64-debian-clang 0.1 1.94 23.50 25.44 NOTE
r-devel-linux-x86_64-debian-gcc 0.1 1.41 17.64 19.05 NOTE
r-devel-linux-x86_64-fedora-clang 0.1 32.11 NOTE
r-devel-linux-x86_64-fedora-gcc 0.1 30.55 NOTE
r-devel-windows-x86_64 0.1 2.00 37.00 39.00 NOTE
r-patched-linux-x86_64 0.1 1.81 21.94 23.75 NOTE
r-release-linux-x86_64 0.1 2.04 22.47 24.51 NOTE
r-release-macos-arm64 0.1 14.00 NOTE
r-release-windows-x86_64 0.1 3.00 39.00 42.00 NOTE
r-oldrel-macos-arm64 0.1 17.00 NOTE
r-oldrel-macos-x86_64 0.1 21.00 NOTE
r-oldrel-windows-x86_64 0.1 3.00 38.00 41.00 NOTE

Check Details

Version: 0.1
Check: LazyData
Result: NOTE 'LazyData' is specified without a 'data' directory Flavors: r-devel-linux-x86_64-debian-clang, r-devel-linux-x86_64-debian-gcc, r-devel-linux-x86_64-fedora-clang, r-devel-linux-x86_64-fedora-gcc, r-devel-windows-x86_64, r-patched-linux-x86_64, r-release-linux-x86_64, r-release-macos-arm64, r-release-windows-x86_64, r-oldrel-macos-arm64, r-oldrel-macos-x86_64, r-oldrel-windows-x86_64