CRAN Package Check Results for Package XICOR

Last updated on 2021-04-20 05:47:55 CEST.

Flavor Version Tinstall Tcheck Ttotal Status Flags
r-devel-linux-x86_64-debian-clang 0.3.3 2.15 25.55 27.70 NOTE
r-devel-linux-x86_64-debian-gcc 0.3.3 1.68 19.72 21.40 NOTE
r-devel-linux-x86_64-fedora-clang 0.3.3 43.29 NOTE
r-devel-linux-x86_64-fedora-gcc 0.3.3 33.48 NOTE
r-devel-windows-ix86+x86_64 0.3.3 5.00 33.00 38.00 NOTE
r-devel-windows-x86_64-gcc10-UCRT 0.3.3 NOTE
r-patched-linux-x86_64 0.3.3 1.83 24.82 26.65 OK
r-patched-solaris-x86 0.3.3 50.00 NOTE
r-release-linux-x86_64 0.3.3 1.95 24.54 26.49 OK
r-release-macos-x86_64 0.3.3 NOTE
r-release-windows-ix86+x86_64 0.3.3 5.00 34.00 39.00 OK
r-oldrel-macos-x86_64 0.3.3 NOTE
r-oldrel-windows-ix86+x86_64 0.3.3 3.00 41.00 44.00 OK

Check Details

Version: 0.3.3
Check: LazyData
Result: NOTE
     'LazyData' is specified without a 'data' directory
Flavors: r-devel-linux-x86_64-debian-clang, r-devel-linux-x86_64-debian-gcc, r-devel-linux-x86_64-fedora-clang, r-devel-linux-x86_64-fedora-gcc, r-devel-windows-ix86+x86_64, r-devel-windows-x86_64-gcc10-UCRT

Version: 0.3.3
Check: dependencies in R code
Result: NOTE
    Namespace in Imports field not imported from: ‘psychTools’
     All declared Imports should be used.
Flavors: r-devel-linux-x86_64-fedora-clang, r-devel-linux-x86_64-fedora-gcc, r-devel-windows-x86_64-gcc10-UCRT, r-patched-solaris-x86, r-release-macos-x86_64, r-oldrel-macos-x86_64